157.55.39.49 - - [12/Dec/2025:18:18:10 +0300] "GET /12002822.phtml HTTP/2" 200 25512 "-" "Mozilla/5.0 AppleWebKit/537.36 (KHTML, like Gecko; compatible; bingbot/2.0; +http://www.bing.com/bingbot.htm) Chrome/116.0.1938.76 Safari/537.36"
185.191.171.3 - - [12/Dec/2025:18:11:01 +0300] "GET /562635212.phtml HTTP/1.1" 404 20 "-" "Mozilla/5.0 (compatible; SemrushBot/7~bl; +http://www.semrush.com/bot.html)"
207.46.13.155 - - [12/Dec/2025:18:11:06 +0300] "GET /460440350.phtml HTTP/2" 404 20 "-" "Mozilla/5.0 AppleWebKit/537.36 (KHTML, like Gecko; compatible; bingbot/2.0; +http://www.bing.com/bingbot.htm) Chrome/116.0.1938.76 Safari/537.36"
157.55.39.53 - - [12/Dec/2025:18:11:16 +0300] "GET /533732030.phtml HTTP/2" 200 26008 "-" "Mozilla/5.0 AppleWebKit/537.36 (KHTML, like Gecko; compatible; bingbot/2.0; +http://www.bing.com/bingbot.htm) Chrome/116.0.1938.76 Safari/537.36"
52.167.144.19 - - [12/Dec/2025:18:11:26 +0300] "GET /384591038.phtml HTTP/2" 200 26104 "-" "Mozilla/5.0 AppleWebKit/537.36 (KHTML, like Gecko; compatible; bingbot/2.0; +http://www.bing.com/bingbot.htm) Chrome/116.0.1938.76 Safari/537.36"
185.191.171.14 - - [12/Dec/2025:18:11:32 +0300] "GET /350845634.phtml HTTP/1.1" 500 20 "-" "Mozilla/5.0 (compatible; SemrushBot/7~bl; +http://www.semrush.com/bot.html)"
157.55.39.53 - - [12/Dec/2025:18:12:27 +0300] "GET /581933183.phtml HTTP/2" 200 26025 "-" "Mozilla/5.0 AppleWebKit/537.36 (KHTML, like Gecko; compatible; bingbot/2.0; +http://www.bing.com/bingbot.htm) Chrome/116.0.1938.76 Safari/537.36"
157.55.39.53 - - [12/Dec/2025:18:13:06 +0300] "GET /61216448.phtml HTTP/2" 200 26094 "-" "Mozilla/5.0 AppleWebKit/537.36 (KHTML, like Gecko; compatible; bingbot/2.0; +http://www.bing.com/bingbot.htm) Chrome/116.0.1938.76 Safari/537.36"
157.55.39.49 - - [12/Dec/2025:18:13:41 +0300] "GET /278801816.phtml HTTP/2" 200 26443 "-" "Mozilla/5.0 AppleWebKit/537.36 (KHTML, like Gecko; compatible; bingbot/2.0; +http://www.bing.com/bingbot.htm) Chrome/116.0.1938.76 Safari/537.36"
185.191.171.16 - - [12/Dec/2025:18:13:52 +0300] "GET /259421840.phtml HTTP/1.1" 500 20 "-" "Mozilla/5.0 (compatible; SemrushBot/7~bl; +http://www.semrush.com/bot.html)"
74.7.227.140 - - [12/Dec/2025:18:14:34 +0300] "GET /177358628.phtml HTTP/2" 500 20 "-" "Mozilla/5.0 AppleWebKit/537.36 (KHTML, like Gecko; compatible; GPTBot/1.3; +https://openai.com/gptbot)"
157.55.39.49 - - [12/Dec/2025:18:15:19 +0300] "GET /351269981.phtml HTTP/2" 200 28566 "-" "Mozilla/5.0 AppleWebKit/537.36 (KHTML, like Gecko; compatible; bingbot/2.0; +http://www.bing.com/bingbot.htm) Chrome/116.0.1938.76 Safari/537.36"
185.191.171.6 - - [12/Dec/2025:18:15:54 +0300] "GET /488292944.phtml HTTP/1.1" 500 20 "-" "Mozilla/5.0 (compatible; SemrushBot/7~bl; +http://www.semrush.com/bot.html)"
157.55.39.53 - - [12/Dec/2025:18:16:27 +0300] "GET /196177967.phtml HTTP/2" 200 25728 "-" "Mozilla/5.0 AppleWebKit/537.36 (KHTML, like Gecko; compatible; bingbot/2.0; +http://www.bing.com/bingbot.htm) Chrome/116.0.1938.76 Safari/537.36"
52.167.144.19 - - [12/Dec/2025:18:16:35 +0300] "GET /141180794.phtml HTTP/2" 200 25783 "-" "Mozilla/5.0 AppleWebKit/537.36 (KHTML, like Gecko; compatible; bingbot/2.0; +http://www.bing.com/bingbot.htm) Chrome/116.0.1938.76 Safari/537.36"
157.55.39.53 - - [12/Dec/2025:18:16:39 +0300] "GET /233842055.phtml HTTP/2" 200 27098 "-" "Mozilla/5.0 AppleWebKit/537.36 (KHTML, like Gecko; compatible; bingbot/2.0; +http://www.bing.com/bingbot.htm) Chrome/116.0.1938.76 Safari/537.36"
185.191.171.2 - - [12/Dec/2025:18:16:54 +0300] "GET /648572063.phtml HTTP/1.1" 500 20 "-" "Mozilla/5.0 (compatible; SemrushBot/7~bl; +http://www.semrush.com/bot.html)"
52.167.144.19 - - [12/Dec/2025:18:17:07 +0300] "GET /661917395.phtml HTTP/2" 200 26449 "-" "Mozilla/5.0 AppleWebKit/537.36 (KHTML, like Gecko; compatible; bingbot/2.0; +http://www.bing.com/bingbot.htm) Chrome/116.0.1938.76 Safari/537.36"
74.7.227.140 - - [12/Dec/2025:18:17:43 +0300] "GET /502176044.phtml HTTP/2" 500 20 "-" "Mozilla/5.0 AppleWebKit/537.36 (KHTML, like Gecko; compatible; GPTBot/1.3; +https://openai.com/gptbot)"
185.191.171.11 - - [12/Dec/2025:18:18:57 +0300] "GET /143363051.phtml HTTP/1.1" 500 20 "-" "Mozilla/5.0 (compatible; SemrushBot/7~bl; +http://www.semrush.com/bot.html)"
52.167.144.19 - - [12/Dec/2025:18:18:16 +0300] "GET /690250700.phtml HTTP/2" 200 26082 "-" "Mozilla/5.0 AppleWebKit/537.36 (KHTML, like Gecko; compatible; bingbot/2.0; +http://www.bing.com/bingbot.htm) Chrome/116.0.1938.76 Safari/537.36"
74.7.227.140 - - [12/Dec/2025:18:18:48 +0300] "GET /352979612.phtml HTTP/2" 500 20 "-" "Mozilla/5.0 AppleWebKit/537.36 (KHTML, like Gecko; compatible; GPTBot/1.3; +https://openai.com/gptbot)"
74.7.227.140 - - [12/Dec/2025:18:19:52 +0300] "GET /147527981.phtml HTTP/2" 500 20 "-" "Mozilla/5.0 AppleWebKit/537.36 (KHTML, like Gecko; compatible; GPTBot/1.3; +https://openai.com/gptbot)"
85.208.96.197 - - [12/Dec/2025:18:19:58 +0300] "GET /33900467.phtml HTTP/1.1" 500 20 "-" "Mozilla/5.0 (compatible; SemrushBot/7~bl; +http://www.semrush.com/bot.html)"
157.55.39.53 - - [12/Dec/2025:18:20:54 +0300] "GET /381957638.phtml HTTP/2" 200 25784 "-" "Mozilla/5.0 AppleWebKit/537.36 (KHTML, like Gecko; compatible; bingbot/2.0; +http://www.bing.com/bingbot.htm) Chrome/116.0.1938.76 Safari/537.36"
157.55.39.53 - - [12/Dec/2025:18:20:54 +0300] "GET /150883718.phtml HTTP/2" 200 25463 "-" "Mozilla/5.0 AppleWebKit/537.36 (KHTML, like Gecko; compatible; bingbot/2.0; +http://www.bing.com/bingbot.htm) Chrome/116.0.1938.76 Safari/537.36"
157.55.39.53 - - [12/Dec/2025:18:20:58 +0300] "GET /572225639.phtml HTTP/2" 200 28511 "-" "Mozilla/5.0 AppleWebKit/537.36 (KHTML, like Gecko; compatible; bingbot/2.0; +http://www.bing.com/bingbot.htm) Chrome/116.0.1938.76 Safari/537.36"
157.55.39.53 - - [12/Dec/2025:18:20:59 +0300] "GET /164178923.phtml HTTP/2" 200 26149 "-" "Mozilla/5.0 AppleWebKit/537.36 (KHTML, like Gecko; compatible; bingbot/2.0; +http://www.bing.com/bingbot.htm) Chrome/116.0.1938.76 Safari/537.36"
157.55.39.49 - - [12/Dec/2025:18:22:03 +0300] "GET /187977698.phtml HTTP/2" 200 26853 "-" "Mozilla/5.0 AppleWebKit/537.36 (KHTML, like Gecko; compatible; bingbot/2.0; +http://www.bing.com/bingbot.htm) Chrome/116.0.1938.76 Safari/537.36"
52.167.144.208 - - [12/Dec/2025:18:22:56 +0300] "GET /395216576.phtml HTTP/2" 200 27480 "-" "Mozilla/5.0 AppleWebKit/537.36 (KHTML, like Gecko; compatible; bingbot/2.0; +http://www.bing.com/bingbot.htm) Chrome/116.0.1938.76 Safari/537.36"
52.167.144.208 - - [12/Dec/2025:18:22:57 +0300] "GET /224873018.phtml HTTP/2" 200 26927 "-" "Mozilla/5.0 AppleWebKit/537.36 (KHTML, like Gecko; compatible; bingbot/2.0; +http://www.bing.com/bingbot.htm) Chrome/116.0.1938.76 Safari/537.36"
157.55.39.49 - - [12/Dec/2025:18:22:59 +0300] "GET /198572744.phtml HTTP/2" 200 26138 "-" "Mozilla/5.0 AppleWebKit/537.36 (KHTML, like Gecko; compatible; bingbot/2.0; +http://www.bing.com/bingbot.htm) Chrome/116.0.1938.76 Safari/537.36"
185.191.171.14 - - [12/Dec/2025:18:23:02 +0300] "GET /238113014.phtml HTTP/1.1" 500 20 "-" "Mozilla/5.0 (compatible; SemrushBot/7~bl; +http://www.semrush.com/bot.html)"
207.46.13.52 - - [12/Dec/2025:18:23:18 +0300] "GET /353485502.phtml HTTP/2" 200 27234 "-" "Mozilla/5.0 AppleWebKit/537.36 (KHTML, like Gecko; compatible; bingbot/2.0; +http://www.bing.com/bingbot.htm) Chrome/116.0.1938.76 Safari/537.36"
52.167.144.208 - - [12/Dec/2025:18:23:59 +0300] "GET /366543239.phtml HTTP/2" 200 26491 "-" "Mozilla/5.0 AppleWebKit/537.36 (KHTML, like Gecko; compatible; bingbot/2.0; +http://www.bing.com/bingbot.htm) Chrome/116.0.1938.76 Safari/537.36"
52.167.144.208 - - [12/Dec/2025:18:24:00 +0300] "GET /659634422.phtml HTTP/2" 200 26935 "-" "Mozilla/5.0 AppleWebKit/537.36 (KHTML, like Gecko; compatible; bingbot/2.0; +http://www.bing.com/bingbot.htm) Chrome/116.0.1938.76 Safari/537.36"
85.208.96.204 - - [12/Dec/2025:18:24:04 +0300] "GET /6140042.phtml HTTP/1.1" 500 20 "-" "Mozilla/5.0 (compatible; SemrushBot/7~bl; +http://www.semrush.com/bot.html)"
157.55.39.205 - - [12/Dec/2025:18:24:31 +0300] "GET /664239869.phtml HTTP/2" 200 25374 "-" "Mozilla/5.0 AppleWebKit/537.36 (KHTML, like Gecko; compatible; bingbot/2.0; +http://www.bing.com/bingbot.htm) Chrome/116.0.1938.76 Safari/537.36"
157.55.39.49 - - [12/Dec/2025:18:20:29 +0300] "GET /357706334.phtml HTTP/2" 200 26775 "-" "Mozilla/5.0 AppleWebKit/537.36 (KHTML, like Gecko; compatible; bingbot/2.0; +http://www.bing.com/bingbot.htm) Chrome/116.0.1938.76 Safari/537.36"
74.7.227.140 - - [12/Dec/2025:18:20:54 +0300] "GET /247837652.phtml HTTP/2" 500 20 "-" "Mozilla/5.0 AppleWebKit/537.36 (KHTML, like Gecko; compatible; GPTBot/1.3; +https://openai.com/gptbot)"
185.191.171.16 - - [12/Dec/2025:18:20:59 +0300] "GET /156067358.phtml HTTP/1.1" 500 20 "-" "Mozilla/5.0 (compatible; SemrushBot/7~bl; +http://www.semrush.com/bot.html)"
157.55.39.205 - - [12/Dec/2025:18:21:59 +0300] "GET /361983530.phtml HTTP/2" 200 25526 "-" "Mozilla/5.0 AppleWebKit/537.36 (KHTML, like Gecko; compatible; bingbot/2.0; +http://www.bing.com/bingbot.htm) Chrome/116.0.1938.76 Safari/537.36"
157.55.39.205 - - [12/Dec/2025:18:22:00 +0300] "GET /381332321.phtml HTTP/2" 200 26412 "-" "Mozilla/5.0 AppleWebKit/537.36 (KHTML, like Gecko; compatible; bingbot/2.0; +http://www.bing.com/bingbot.htm) Chrome/116.0.1938.76 Safari/537.36"
185.191.171.18 - - [12/Dec/2025:18:22:00 +0300] "GET /42247883.phtml HTTP/1.1" 500 20 "-" "Mozilla/5.0 (compatible; SemrushBot/7~bl; +http://www.semrush.com/bot.html)"
157.55.39.49 - - [12/Dec/2025:18:22:18 +0300] "GET /168498161.phtml HTTP/2" 200 26509 "-" "Mozilla/5.0 AppleWebKit/537.36 (KHTML, like Gecko; compatible; bingbot/2.0; +http://www.bing.com/bingbot.htm) Chrome/116.0.1938.76 Safari/537.36"
157.55.39.205 - - [12/Dec/2025:18:22:49 +0300] "GET /88573547.phtml HTTP/2" 200 30708 "-" "Mozilla/5.0 AppleWebKit/537.36 (KHTML, like Gecko; compatible; bingbot/2.0; +http://www.bing.com/bingbot.htm) Chrome/116.0.1938.76 Safari/537.36"
74.7.227.140 - - [12/Dec/2025:18:23:03 +0300] "GET /270032594.phtml HTTP/2" 500 20 "-" "Mozilla/5.0 AppleWebKit/537.36 (KHTML, like Gecko; compatible; GPTBot/1.3; +https://openai.com/gptbot)"
157.55.39.205 - - [12/Dec/2025:18:23:49 +0300] "GET /427599080.phtml HTTP/2" 200 27371 "-" "Mozilla/5.0 AppleWebKit/537.36 (KHTML, like Gecko; compatible; bingbot/2.0; +http://www.bing.com/bingbot.htm) Chrome/116.0.1938.76 Safari/537.36"
157.55.39.205 - - [12/Dec/2025:18:23:50 +0300] "GET /302828357.phtml HTTP/2" 200 27007 "-" "Mozilla/5.0 AppleWebKit/537.36 (KHTML, like Gecko; compatible; bingbot/2.0; +http://www.bing.com/bingbot.htm) Chrome/116.0.1938.76 Safari/537.36"
157.55.39.205 - - [12/Dec/2025:18:23:55 +0300] "GET /321663404.phtml HTTP/2" 200 29172 "-" "Mozilla/5.0 AppleWebKit/537.36 (KHTML, like Gecko; compatible; bingbot/2.0; +http://www.bing.com/bingbot.htm) Chrome/116.0.1938.76 Safari/537.36"
157.55.39.205 - - [12/Dec/2025:18:24:03 +0300] "GET /525400553.phtml HTTP/2" 200 27082 "-" "Mozilla/5.0 AppleWebKit/537.36 (KHTML, like Gecko; compatible; bingbot/2.0; +http://www.bing.com/bingbot.htm) Chrome/116.0.1938.76 Safari/537.36"
52.167.144.208 - - [12/Dec/2025:18:24:37 +0300] "GET /442019255.phtml HTTP/2" 200 26568 "-" "Mozilla/5.0 AppleWebKit/537.36 (KHTML, like Gecko; compatible; bingbot/2.0; +http://www.bing.com/bingbot.htm) Chrome/116.0.1938.76 Safari/537.36"
52.167.144.208 - - [12/Dec/2025:18:25:17 +0300] "GET /395079362.phtml HTTP/2" 200 27010 "-" "Mozilla/5.0 AppleWebKit/537.36 (KHTML, like Gecko; compatible; bingbot/2.0; +http://www.bing.com/bingbot.htm) Chrome/116.0.1938.76 Safari/537.36"
57.141.0.24 - - [12/Dec/2025:18:25:36 +0300] "GET /333599174.phtml HTTP/2" 500 0 "-" "meta-externalagent/1.1 (+https://developers.facebook.com/docs/sharing/webmasters/crawler)"
207.46.13.52 - - [12/Dec/2025:18:25:51 +0300] "GET /86140655.phtml HTTP/2" 200 26089 "-" "Mozilla/5.0 AppleWebKit/537.36 (KHTML, like Gecko; compatible; bingbot/2.0; +http://www.bing.com/bingbot.htm) Chrome/116.0.1938.76 Safari/537.36"
207.46.13.52 - - [12/Dec/2025:18:25:53 +0300] "GET /156989279.phtml HTTP/2" 200 26184 "-" "Mozilla/5.0 AppleWebKit/537.36 (KHTML, like Gecko; compatible; bingbot/2.0; +http://www.bing.com/bingbot.htm) Chrome/116.0.1938.76 Safari/537.36"
52.167.144.208 - - [12/Dec/2025:18:25:54 +0300] "GET /672372224.phtml HTTP/2" 200 26829 "-" "Mozilla/5.0 AppleWebKit/537.36 (KHTML, like Gecko; compatible; bingbot/2.0; +http://www.bing.com/bingbot.htm) Chrome/116.0.1938.76 Safari/537.36"
74.7.227.140 - - [12/Dec/2025:18:26:14 +0300] "GET /680326709.phtml HTTP/2" 500 20 "-" "Mozilla/5.0 AppleWebKit/537.36 (KHTML, like Gecko; compatible; GPTBot/1.3; +https://openai.com/gptbot)"
52.167.144.208 - - [12/Dec/2025:18:27:08 +0300] "GET /338856272.phtml HTTP/2" 200 25693 "-" "Mozilla/5.0 AppleWebKit/537.36 (KHTML, like Gecko; compatible; bingbot/2.0; +http://www.bing.com/bingbot.htm) Chrome/116.0.1938.76 Safari/537.36"
52.167.144.208 - - [12/Dec/2025:18:27:10 +0300] "GET /420298094.phtml HTTP/2" 200 26713 "-" "Mozilla/5.0 AppleWebKit/537.36 (KHTML, like Gecko; compatible; bingbot/2.0; +http://www.bing.com/bingbot.htm) Chrome/116.0.1938.76 Safari/537.36"
207.46.13.52 - - [12/Dec/2025:18:27:12 +0300] "GET /94663862.phtml HTTP/2" 200 27792 "-" "Mozilla/5.0 AppleWebKit/537.36 (KHTML, like Gecko; compatible; bingbot/2.0; +http://www.bing.com/bingbot.htm) Chrome/116.0.1938.76 Safari/537.36"
85.208.96.201 - - [12/Dec/2025:18:28:09 +0300] "GET /419292089.phtml HTTP/1.1" 500 20 "-" "Mozilla/5.0 (compatible; SemrushBot/7~bl; +http://www.semrush.com/bot.html)"
207.46.13.52 - - [12/Dec/2025:18:28:11 +0300] "GET /413402282.phtml HTTP/2" 200 26897 "-" "Mozilla/5.0 AppleWebKit/537.36 (KHTML, like Gecko; compatible; bingbot/2.0; +http://www.bing.com/bingbot.htm) Chrome/116.0.1938.76 Safari/537.36"
74.7.227.140 - - [12/Dec/2025:18:28:20 +0300] "GET /569821391.phtml HTTP/2" 500 20 "-" "Mozilla/5.0 AppleWebKit/537.36 (KHTML, like Gecko; compatible; GPTBot/1.3; +https://openai.com/gptbot)"
157.55.39.205 - - [12/Dec/2025:18:28:52 +0300] "GET /182279852.phtml HTTP/2" 200 28146 "-" "Mozilla/5.0 AppleWebKit/537.36 (KHTML, like Gecko; compatible; bingbot/2.0; +http://www.bing.com/bingbot.htm) Chrome/116.0.1938.76 Safari/537.36"
157.55.39.205 - - [12/Dec/2025:18:29:02 +0300] "GET /569115455.phtml HTTP/2" 200 26617 "-" "Mozilla/5.0 AppleWebKit/537.36 (KHTML, like Gecko; compatible; bingbot/2.0; +http://www.bing.com/bingbot.htm) Chrome/116.0.1938.76 Safari/537.36"
157.55.39.205 - - [12/Dec/2025:18:29:03 +0300] "GET /334381109.phtml HTTP/2" 200 26457 "-" "Mozilla/5.0 AppleWebKit/537.36 (KHTML, like Gecko; compatible; bingbot/2.0; +http://www.bing.com/bingbot.htm) Chrome/116.0.1938.76 Safari/537.36"
74.7.227.140 - - [12/Dec/2025:18:29:24 +0300] "GET /653908394.phtml HTTP/2" 500 20 "-" "Mozilla/5.0 AppleWebKit/537.36 (KHTML, like Gecko; compatible; GPTBot/1.3; +https://openai.com/gptbot)"
85.208.96.212 - - [12/Dec/2025:18:30:12 +0300] "GET /15378887.phtml HTTP/1.1" 500 20 "-" "Mozilla/5.0 (compatible; SemrushBot/7~bl; +http://www.semrush.com/bot.html)"
207.46.13.52 - - [12/Dec/2025:18:30:54 +0300] "GET /167500934.phtml HTTP/2" 200 26548 "-" "Mozilla/5.0 AppleWebKit/537.36 (KHTML, like Gecko; compatible; bingbot/2.0; +http://www.bing.com/bingbot.htm) Chrome/116.0.1938.76 Safari/537.36"
85.208.96.208 - - [12/Dec/2025:18:31:13 +0300] "GET /379028327.phtml HTTP/1.1" 500 20 "-" "Mozilla/5.0 (compatible; SemrushBot/7~bl; +http://www.semrush.com/bot.html)"
185.191.171.12 - - [12/Dec/2025:18:32:15 +0300] "GET /435492350.phtml HTTP/1.1" 500 20 "-" "Mozilla/5.0 (compatible; SemrushBot/7~bl; +http://www.semrush.com/bot.html)"
157.55.39.205 - - [12/Dec/2025:18:32:24 +0300] "GET /198190901.phtml HTTP/2" 200 25508 "-" "Mozilla/5.0 AppleWebKit/537.36 (KHTML, like Gecko; compatible; bingbot/2.0; +http://www.bing.com/bingbot.htm) Chrome/116.0.1938.76 Safari/537.36"
74.7.227.140 - - [12/Dec/2025:18:32:35 +0300] "GET /250135640.phtml HTTP/2" 500 20 "-" "Mozilla/5.0 AppleWebKit/537.36 (KHTML, like Gecko; compatible; GPTBot/1.3; +https://openai.com/gptbot)"
52.167.144.176 - - [12/Dec/2025:18:32:39 +0300] "GET /288210446.phtml HTTP/2" 200 26706 "-" "Mozilla/5.0 AppleWebKit/537.36 (KHTML, like Gecko; compatible; bingbot/2.0; +http://www.bing.com/bingbot.htm) Chrome/116.0.1938.76 Safari/537.36"
52.167.144.176 - - [12/Dec/2025:18:32:58 +0300] "GET /262938122.phtml HTTP/2" 200 25840 "-" "Mozilla/5.0 AppleWebKit/537.36 (KHTML, like Gecko; compatible; bingbot/2.0; +http://www.bing.com/bingbot.htm) Chrome/116.0.1938.76 Safari/537.36"
52.167.144.176 - - [12/Dec/2025:18:33:18 +0300] "GET /332540270.phtml HTTP/2" 200 28620 "-" "Mozilla/5.0 AppleWebKit/537.36 (KHTML, like Gecko; compatible; bingbot/2.0; +http://www.bing.com/bingbot.htm) Chrome/116.0.1938.76 Safari/537.36"
52.167.144.176 - - [12/Dec/2025:18:33:18 +0300] "GET /635314973.phtml HTTP/2" 200 26477 "-" "Mozilla/5.0 AppleWebKit/537.36 (KHTML, like Gecko; compatible; bingbot/2.0; +http://www.bing.com/bingbot.htm) Chrome/116.0.1938.76 Safari/537.36"
74.7.227.140 - - [12/Dec/2025:18:34:38 +0300] "GET /399871457.phtml HTTP/2" 500 20 "-" "Mozilla/5.0 AppleWebKit/537.36 (KHTML, like Gecko; compatible; GPTBot/1.3; +https://openai.com/gptbot)"
157.55.39.195 - - [12/Dec/2025:18:34:40 +0300] "GET /377843528.phtml HTTP/2" 200 26995 "-" "Mozilla/5.0 AppleWebKit/537.36 (KHTML, like Gecko; compatible; bingbot/2.0; +http://www.bing.com/bingbot.htm) Chrome/116.0.1938.76 Safari/537.36"
52.167.144.176 - - [12/Dec/2025:18:34:58 +0300] "GET /557783057.phtml HTTP/2" 200 25694 "-" "Mozilla/5.0 AppleWebKit/537.36 (KHTML, like Gecko; compatible; bingbot/2.0; +http://www.bing.com/bingbot.htm) Chrome/116.0.1938.76 Safari/537.36"
185.191.171.13 - - [12/Dec/2025:18:35:19 +0300] "GET /473461127.phtml HTTP/1.1" 500 20 "-" "Mozilla/5.0 (compatible; SemrushBot/7~bl; +http://www.semrush.com/bot.html)"
157.55.39.57 - - [12/Dec/2025:18:35:35 +0300] "GET /402999197.phtml HTTP/2" 200 25786 "-" "Mozilla/5.0 AppleWebKit/537.36 (KHTML, like Gecko; compatible; bingbot/2.0; +http://www.bing.com/bingbot.htm) Chrome/116.0.1938.76 Safari/537.36"
157.55.39.57 - - [12/Dec/2025:18:36:06 +0300] "GET /336677480.phtml HTTP/2" 200 26010 "-" "Mozilla/5.0 AppleWebKit/537.36 (KHTML, like Gecko; compatible; bingbot/2.0; +http://www.bing.com/bingbot.htm) Chrome/116.0.1938.76 Safari/537.36"
204.12.252.98 - - [12/Dec/2025:18:36:12 +0300] "GET /wp-includes/im9c5db8/edit.php HTTP/1.1" 500 20 "https://survivorshoes.com/wp-includes/im9c5db8/edit.php" "Mozilla/5.0 (Windows NT 10.0; Win64; x64) AppleWebKit/537.36 (KHTML, like Gecko) Chrome/58.0.3029.110 Safari/537.3"
204.12.252.98 - - [12/Dec/2025:18:36:13 +0300] "GET /wp-includes/im9c5db8/edit.php HTTP/1.1" 500 20 "https://survivorshoes.com/wp-includes/im9c5db8/edit.php" "Mozilla/5.0 (Windows NT 10.0; Win64; x64) AppleWebKit/537.36 (KHTML, like Gecko) Chrome/58.0.3029.110 Safari/537.3"
66.249.66.70 - - [12/Dec/2025:18:36:19 +0300] "GET /?v=2766176284033&channel=173e99&from=https://survivorshoes.com/detail.py?innovation274015276 HTTP/1.1" 200 25565 "-" "Mozilla/5.0 (Linux; Android 6.0.1; Nexus 5X Build/MMB29P) AppleWebKit/537.36 (KHTML, like Gecko) Chrome/141.0.7390.122 Mobile Safari/537.36 (compatible; Googlebot/2.1; +http://www.google.com/bot.html)"
66.249.66.68 - - [12/Dec/2025:18:36:27 +0300] "GET /odr/order/apiGetCartItems/ HTTP/1.1" 200 26415 "https://survivorshoes.com/?v=2766176284033&channel=173e99&from=https://survivorshoes.com/detail.py?innovation274015276" "Mozilla/5.0 (Linux; Android 6.0.1; Nexus 5X Build/MMB29P) AppleWebKit/537.36 (KHTML, like Gecko) Chrome/141.0.7390.122 Mobile Safari/537.36 (compatible; Googlebot/2.1; +http://www.google.com/bot.html)"
66.249.66.169 - - [12/Dec/2025:18:36:29 +0300] "GET /ctg/apiAllLCate/ HTTP/1.1" 200 25889 "https://survivorshoes.com/?v=2766176284033&channel=173e99&from=https://survivorshoes.com/detail.py?innovation274015276" "Mozilla/5.0 (Linux; Android 6.0.1; Nexus 5X Build/MMB29P) AppleWebKit/537.36 (KHTML, like Gecko) Chrome/141.0.7390.122 Mobile Safari/537.36 (compatible; Googlebot/2.1; +http://www.google.com/bot.html)"
157.55.39.57 - - [12/Dec/2025:18:36:46 +0300] "GET /34726523.phtml HTTP/2" 200 25997 "-" "Mozilla/5.0 AppleWebKit/537.36 (KHTML, like Gecko; compatible; bingbot/2.0; +http://www.bing.com/bingbot.htm) Chrome/116.0.1938.76 Safari/537.36"
207.46.13.52 - - [12/Dec/2025:18:25:00 +0300] "GET /466308905.phtml HTTP/2" 200 26845 "-" "Mozilla/5.0 AppleWebKit/537.36 (KHTML, like Gecko; compatible; bingbot/2.0; +http://www.bing.com/bingbot.htm) Chrome/116.0.1938.76 Safari/537.36"
85.208.96.210 - - [12/Dec/2025:18:25:05 +0300] "GET /48112511.phtml HTTP/1.1" 500 20 "-" "Mozilla/5.0 (compatible; SemrushBot/7~bl; +http://www.semrush.com/bot.html)"
157.55.39.205 - - [12/Dec/2025:18:26:01 +0300] "GET /489526253.phtml HTTP/2" 200 27082 "-" "Mozilla/5.0 AppleWebKit/537.36 (KHTML, like Gecko; compatible; bingbot/2.0; +http://www.bing.com/bingbot.htm) Chrome/116.0.1938.76 Safari/537.36"
185.191.171.7 - - [12/Dec/2025:18:26:06 +0300] "GET /556590404.phtml HTTP/1.1" 500 20 "-" "Mozilla/5.0 (compatible; SemrushBot/7~bl; +http://www.semrush.com/bot.html)"
157.55.39.205 - - [12/Dec/2025:18:26:50 +0300] "GET /ctg/search/searchByKeywordDetailConditionView/ HTTP/2" 200 27194 "-" "Mozilla/5.0 AppleWebKit/537.36 (KHTML, like Gecko; compatible; bingbot/2.0; +http://www.bing.com/bingbot.htm) Chrome/116.0.1938.76 Safari/537.36"
185.191.171.3 - - [12/Dec/2025:18:27:08 +0300] "GET /496155722.phtml HTTP/1.1" 500 20 "-" "Mozilla/5.0 (compatible; SemrushBot/7~bl; +http://www.semrush.com/bot.html)"
185.191.171.14 - - [12/Dec/2025:18:29:11 +0300] "GET /57755375.phtml HTTP/1.1" 500 20 "-" "Mozilla/5.0 (compatible; SemrushBot/7~bl; +http://www.semrush.com/bot.html)"
157.55.39.205 - - [12/Dec/2025:18:29:24 +0300] "GET /290390393.phtml HTTP/2" 200 27383 "-" "Mozilla/5.0 AppleWebKit/537.36 (KHTML, like Gecko; compatible; bingbot/2.0; +http://www.bing.com/bingbot.htm) Chrome/116.0.1938.76 Safari/537.36"
151.80.144.77 - - [12/Dec/2025:18:30:15 +0300] "GET / HTTP/1.1" 500 20 "-" "Mozilla/5.0"
185.191.171.6 - - [12/Dec/2025:18:31:00 +0300] "GET /robots.txt HTTP/1.1" 200 147 "-" "Mozilla/5.0 (compatible; SemrushBot/7~bl; +http://www.semrush.com/bot.html)"
85.208.96.200 - - [12/Dec/2025:18:33:16 +0300] "GET /30188066.phtml HTTP/1.1" 500 20 "-" "Mozilla/5.0 (compatible; SemrushBot/7~bl; +http://www.semrush.com/bot.html)"
207.46.13.52 - - [12/Dec/2025:18:33:23 +0300] "GET /90332150.phtml HTTP/2" 200 26484 "-" "Mozilla/5.0 AppleWebKit/537.36 (KHTML, like Gecko; compatible; bingbot/2.0; +http://www.bing.com/bingbot.htm) Chrome/116.0.1938.76 Safari/537.36"
185.191.171.4 - - [12/Dec/2025:18:34:17 +0300] "GET /463797473.phtml HTTP/1.1" 500 20 "-" "Mozilla/5.0 (compatible; SemrushBot/7~bl; +http://www.semrush.com/bot.html)"
85.208.96.195 - - [12/Dec/2025:18:36:20 +0300] "GET /87687200.phtml HTTP/1.1" 500 20 "-" "Mozilla/5.0 (compatible; SemrushBot/7~bl; +http://www.semrush.com/bot.html)"
173.252.87.35 - - [12/Dec/2025:18:36:40 +0300] "GET /robots.txt HTTP/2" 200 1015 "-" "facebookexternalhit/1.1 (+http://www.facebook.com/externalhit_uatext.php)"
66.249.66.5 - - [12/Dec/2025:18:37:17 +0300] "GET /392134112.phtml HTTP/1.1" 200 26755 "-" "Mozilla/5.0 (Linux; Android 6.0.1; Nexus 5X Build/MMB29P) AppleWebKit/537.36 (KHTML, like Gecko) Chrome/141.0.7390.122 Mobile Safari/537.36 (compatible; Googlebot/2.1; +http://www.google.com/bot.html)"
74.7.227.140 - - [12/Dec/2025:18:37:49 +0300] "GET /328040621.phtml HTTP/2" 500 20 "-" "Mozilla/5.0 AppleWebKit/537.36 (KHTML, like Gecko; compatible; GPTBot/1.3; +https://openai.com/gptbot)"
85.208.96.201 - - [12/Dec/2025:18:38:22 +0300] "GET /505883825.phtml HTTP/1.1" 500 20 "-" "Mozilla/5.0 (compatible; SemrushBot/7~bl; +http://www.semrush.com/bot.html)"
52.167.144.176 - - [12/Dec/2025:18:40:08 +0300] "GET /364229774.phtml HTTP/2" 200 27143 "-" "Mozilla/5.0 AppleWebKit/537.36 (KHTML, like Gecko; compatible; bingbot/2.0; +http://www.bing.com/bingbot.htm) Chrome/116.0.1938.76 Safari/537.36"
52.167.144.176 - - [12/Dec/2025:18:40:18 +0300] "GET /180367634.phtml HTTP/2" 200 26205 "-" "Mozilla/5.0 AppleWebKit/537.36 (KHTML, like Gecko; compatible; bingbot/2.0; +http://www.bing.com/bingbot.htm) Chrome/116.0.1938.76 Safari/537.36"
157.55.39.57 - - [12/Dec/2025:18:41:07 +0300] "GET /572625269.phtml HTTP/2" 200 25886 "-" "Mozilla/5.0 AppleWebKit/537.36 (KHTML, like Gecko; compatible; bingbot/2.0; +http://www.bing.com/bingbot.htm) Chrome/116.0.1938.76 Safari/537.36"
85.208.96.204 - - [12/Dec/2025:18:41:25 +0300] "GET /104384342.phtml HTTP/1.1" 500 20 "-" "Mozilla/5.0 (compatible; SemrushBot/7~bl; +http://www.semrush.com/bot.html)"
114.119.154.253 - - [12/Dec/2025:18:41:58 +0300] "GET /98953763.phtml HTTP/1.1" 500 20 "https://survivorshoes.com/sitemap-16.xml" "Mozilla/5.0 (Linux; Android 7.0;) AppleWebKit/537.36 (KHTML, like Gecko) Mobile Safari/537.36 (compatible; PetalBot;+https://webmaster.petalsearch.com/site/petalbot)"
85.208.96.210 - - [12/Dec/2025:18:42:27 +0300] "GET /303885644.phtml HTTP/1.1" 500 20 "-" "Mozilla/5.0 (compatible; SemrushBot/7~bl; +http://www.semrush.com/bot.html)"
157.55.39.57 - - [12/Dec/2025:18:43:01 +0300] "GET /656062931.phtml HTTP/2" 200 26048 "-" "Mozilla/5.0 AppleWebKit/537.36 (KHTML, like Gecko; compatible; bingbot/2.0; +http://www.bing.com/bingbot.htm) Chrome/116.0.1938.76 Safari/537.36"
185.191.171.19 - - [12/Dec/2025:18:44:29 +0300] "GET /309632924.phtml HTTP/1.1" 500 20 "-" "Mozilla/5.0 (compatible; SemrushBot/7~bl; +http://www.semrush.com/bot.html)"
157.55.39.9 - - [12/Dec/2025:18:45:12 +0300] "GET /64183874.phtml HTTP/2" 200 27087 "-" "Mozilla/5.0 AppleWebKit/537.36 (KHTML, like Gecko; compatible; bingbot/2.0; +http://www.bing.com/bingbot.htm) Chrome/116.0.1938.76 Safari/537.36"
74.7.227.140 - - [12/Dec/2025:18:45:14 +0300] "GET /661835390.phtml HTTP/2" 500 20 "-" "Mozilla/5.0 AppleWebKit/537.36 (KHTML, like Gecko; compatible; GPTBot/1.3; +https://openai.com/gptbot)"
185.191.171.10 - - [12/Dec/2025:18:46:32 +0300] "GET /95865062.phtml HTTP/1.1" 500 20 "-" "Mozilla/5.0 (compatible; SemrushBot/7~bl; +http://www.semrush.com/bot.html)"
74.7.227.140 - - [12/Dec/2025:18:47:22 +0300] "GET /204897986.phtml HTTP/2" 500 20 "-" "Mozilla/5.0 AppleWebKit/537.36 (KHTML, like Gecko; compatible; GPTBot/1.3; +https://openai.com/gptbot)"
52.167.144.16 - - [12/Dec/2025:18:47:39 +0300] "GET /219982286.phtml HTTP/2" 200 25568 "-" "Mozilla/5.0 AppleWebKit/537.36 (KHTML, like Gecko; compatible; bingbot/2.0; +http://www.bing.com/bingbot.htm) Chrome/116.0.1938.76 Safari/537.36"
52.167.144.16 - - [12/Dec/2025:18:47:49 +0300] "GET /79622066.phtml HTTP/2" 200 25653 "-" "Mozilla/5.0 AppleWebKit/537.36 (KHTML, like Gecko; compatible; bingbot/2.0; +http://www.bing.com/bingbot.htm) Chrome/116.0.1938.76 Safari/537.36"
204.12.252.98 - - [12/Dec/2025:18:47:57 +0300] "GET /wp-includes/im9c5db8/edit.php HTTP/1.1" 500 20 "https://survivorshoes.com/wp-includes/im9c5db8/edit.php" "Mozilla/5.0 (Windows NT 10.0; Win64; x64) AppleWebKit/537.36 (KHTML, like Gecko) Chrome/58.0.3029.110 Safari/537.3"
204.12.252.98 - - [12/Dec/2025:18:47:57 +0300] "GET /wp-includes/im9c5db8/edit.php HTTP/1.1" 500 20 "https://survivorshoes.com/wp-includes/im9c5db8/edit.php" "Mozilla/5.0 (Windows NT 10.0; Win64; x64) AppleWebKit/537.36 (KHTML, like Gecko) Chrome/58.0.3029.110 Safari/537.3"
52.167.144.16 - - [12/Dec/2025:18:47:59 +0300] "GET /267518621.phtml HTTP/2" 200 26643 "-" "Mozilla/5.0 AppleWebKit/537.36 (KHTML, like Gecko; compatible; bingbot/2.0; +http://www.bing.com/bingbot.htm) Chrome/116.0.1938.76 Safari/537.36"
74.7.227.140 - - [12/Dec/2025:18:48:26 +0300] "GET /217120658.phtml HTTP/2" 500 20 "-" "Mozilla/5.0 AppleWebKit/537.36 (KHTML, like Gecko; compatible; GPTBot/1.3; +https://openai.com/gptbot)"
52.167.144.16 - - [12/Dec/2025:18:48:40 +0300] "GET /293680526.phtml HTTP/2" 200 27448 "-" "Mozilla/5.0 AppleWebKit/537.36 (KHTML, like Gecko; compatible; bingbot/2.0; +http://www.bing.com/bingbot.htm) Chrome/116.0.1938.76 Safari/537.36"
57.141.0.4 - - [12/Dec/2025:18:49:01 +0300] "GET /505057769.phtml HTTP/2" 500 0 "-" "meta-externalagent/1.1 (+https://developers.facebook.com/docs/sharing/webmasters/crawler)"
74.7.227.140 - - [12/Dec/2025:18:36:47 +0300] "GET /462176084.phtml HTTP/2" 500 20 "-" "Mozilla/5.0 AppleWebKit/537.36 (KHTML, like Gecko; compatible; GPTBot/1.3; +https://openai.com/gptbot)"
52.167.144.176 - - [12/Dec/2025:18:37:17 +0300] "GET /63981518.phtml HTTP/2" 200 26174 "-" "Mozilla/5.0 AppleWebKit/537.36 (KHTML, like Gecko; compatible; bingbot/2.0; +http://www.bing.com/bingbot.htm) Chrome/116.0.1938.76 Safari/537.36"
85.208.96.193 - - [12/Dec/2025:18:37:21 +0300] "GET /609025094.phtml HTTP/1.1" 500 20 "-" "Mozilla/5.0 (compatible; SemrushBot/7~bl; +http://www.semrush.com/bot.html)"
74.7.227.140 - - [12/Dec/2025:18:38:55 +0300] "GET /477625133.phtml HTTP/2" 500 20 "-" "Mozilla/5.0 AppleWebKit/537.36 (KHTML, like Gecko; compatible; GPTBot/1.3; +https://openai.com/gptbot)"
185.191.171.14 - - [12/Dec/2025:18:39:23 +0300] "GET /368539541.phtml HTTP/1.1" 500 20 "-" "Mozilla/5.0 (compatible; SemrushBot/7~bl; +http://www.semrush.com/bot.html)"
74.7.227.140 - - [12/Dec/2025:18:39:55 +0300] "GET /441156239.phtml HTTP/2" 500 20 "-" "Mozilla/5.0 AppleWebKit/537.36 (KHTML, like Gecko; compatible; GPTBot/1.3; +https://openai.com/gptbot)"
185.191.171.5 - - [12/Dec/2025:18:40:24 +0300] "GET /185381027.phtml HTTP/1.1" 500 20 "-" "Mozilla/5.0 (compatible; SemrushBot/7~bl; +http://www.semrush.com/bot.html)"
74.7.227.140 - - [12/Dec/2025:18:42:02 +0300] "GET /508281143.phtml HTTP/2" 500 20 "-" "Mozilla/5.0 AppleWebKit/537.36 (KHTML, like Gecko; compatible; GPTBot/1.3; +https://openai.com/gptbot)"
66.249.66.160 - - [12/Dec/2025:18:42:30 +0300] "GET /561383885.phtml HTTP/1.1" 200 26090 "-" "Mozilla/5.0 (compatible; Googlebot/2.1; +http://www.google.com/bot.html)"
52.167.144.16 - - [12/Dec/2025:18:42:56 +0300] "GET /384204344.phtml HTTP/2" 200 26094 "-" "Mozilla/5.0 AppleWebKit/537.36 (KHTML, like Gecko; compatible; bingbot/2.0; +http://www.bing.com/bingbot.htm) Chrome/116.0.1938.76 Safari/537.36"
185.191.171.15 - - [12/Dec/2025:18:43:28 +0300] "GET /575901542.phtml HTTP/1.1" 500 20 "-" "Mozilla/5.0 (compatible; SemrushBot/7~bl; +http://www.semrush.com/bot.html)"
157.55.39.195 - - [12/Dec/2025:18:43:40 +0300] "GET /91417850.phtml HTTP/2" 200 26491 "-" "Mozilla/5.0 AppleWebKit/537.36 (KHTML, like Gecko; compatible; bingbot/2.0; +http://www.bing.com/bingbot.htm) Chrome/116.0.1938.76 Safari/537.36"
57.141.0.29 - - [12/Dec/2025:18:44:55 +0300] "GET /616901039.phtml HTTP/2" 500 0 "-" "meta-externalagent/1.1 (+https://developers.facebook.com/docs/sharing/webmasters/crawler)"
52.167.144.16 - - [12/Dec/2025:18:45:18 +0300] "GET /488114150.phtml HTTP/2" 200 25679 "-" "Mozilla/5.0 AppleWebKit/537.36 (KHTML, like Gecko; compatible; bingbot/2.0; +http://www.bing.com/bingbot.htm) Chrome/116.0.1938.76 Safari/537.36"
185.191.171.2 - - [12/Dec/2025:18:45:30 +0300] "GET /146231378.phtml HTTP/1.1" 500 20 "-" "Mozilla/5.0 (compatible; SemrushBot/7~bl; +http://www.semrush.com/bot.html)"
52.167.144.16 - - [12/Dec/2025:18:45:59 +0300] "GET /222879026.phtml HTTP/2" 200 26005 "-" "Mozilla/5.0 AppleWebKit/537.36 (KHTML, like Gecko; compatible; bingbot/2.0; +http://www.bing.com/bingbot.htm) Chrome/116.0.1938.76 Safari/537.36"
74.7.227.140 - - [12/Dec/2025:18:46:20 +0300] "GET /566280392.phtml HTTP/2" 500 20 "-" "Mozilla/5.0 AppleWebKit/537.36 (KHTML, like Gecko; compatible; GPTBot/1.3; +https://openai.com/gptbot)"
185.191.171.15 - - [12/Dec/2025:18:47:33 +0300] "GET /288730889.phtml HTTP/1.1" 500 20 "-" "Mozilla/5.0 (compatible; SemrushBot/7~bl; +http://www.semrush.com/bot.html)"
157.55.39.9 - - [12/Dec/2025:18:47:53 +0300] "GET /238238216.phtml HTTP/2" 200 26590 "-" "Mozilla/5.0 AppleWebKit/537.36 (KHTML, like Gecko; compatible; bingbot/2.0; +http://www.bing.com/bingbot.htm) Chrome/116.0.1938.76 Safari/537.36"
85.208.96.208 - - [12/Dec/2025:18:48:34 +0300] "GET /290441906.phtml HTTP/1.1" 500 20 "-" "Mozilla/5.0 (compatible; SemrushBot/7~bl; +http://www.semrush.com/bot.html)"
185.191.171.17 - - [12/Dec/2025:18:49:36 +0300] "GET /182556128.phtml HTTP/1.1" 500 20 "-" "Mozilla/5.0 (compatible; SemrushBot/7~bl; +http://www.semrush.com/bot.html)"
157.55.39.9 - - [12/Dec/2025:18:49:03 +0300] "GET /594351281.phtml HTTP/2" 200 26660 "-" "Mozilla/5.0 AppleWebKit/537.36 (KHTML, like Gecko; compatible; bingbot/2.0; +http://www.bing.com/bingbot.htm) Chrome/116.0.1938.76 Safari/537.36"
74.7.227.140 - - [12/Dec/2025:18:49:29 +0300] "GET /639128090.phtml HTTP/2" 500 20 "-" "Mozilla/5.0 AppleWebKit/537.36 (KHTML, like Gecko; compatible; GPTBot/1.3; +https://openai.com/gptbot)"
157.55.39.9 - - [12/Dec/2025:18:49:43 +0300] "GET /242479376.phtml HTTP/2" 200 26270 "-" "Mozilla/5.0 AppleWebKit/537.36 (KHTML, like Gecko; compatible; bingbot/2.0; +http://www.bing.com/bingbot.htm) Chrome/116.0.1938.76 Safari/537.36"
157.55.39.205 - - [12/Dec/2025:18:49:52 +0300] "GET /349651364.phtml HTTP/2" 200 26172 "-" "Mozilla/5.0 AppleWebKit/537.36 (KHTML, like Gecko; compatible; bingbot/2.0; +http://www.bing.com/bingbot.htm) Chrome/116.0.1938.76 Safari/537.36"
185.191.171.10 - - [12/Dec/2025:18:50:52 +0300] "GET /458754512.phtml HTTP/1.1" 500 20 "-" "Mozilla/5.0 (compatible; SemrushBot/7~bl; +http://www.semrush.com/bot.html)"
52.167.144.16 - - [12/Dec/2025:18:51:20 +0300] "GET /448302917.phtml HTTP/2" 200 28011 "-" "Mozilla/5.0 AppleWebKit/537.36 (KHTML, like Gecko; compatible; bingbot/2.0; +http://www.bing.com/bingbot.htm) Chrome/116.0.1938.76 Safari/537.36"
157.55.39.9 - - [12/Dec/2025:18:51:31 +0300] "GET /20281169.phtml HTTP/2" 200 27558 "-" "Mozilla/5.0 AppleWebKit/537.36 (KHTML, like Gecko; compatible; bingbot/2.0; +http://www.bing.com/bingbot.htm) Chrome/116.0.1938.76 Safari/537.36"
207.46.13.54 - - [12/Dec/2025:18:51:43 +0300] "GET /543777989.phtml HTTP/2" 200 26925 "-" "Mozilla/5.0 AppleWebKit/537.36 (KHTML, like Gecko; compatible; bingbot/2.0; +http://www.bing.com/bingbot.htm) Chrome/116.0.1938.76 Safari/537.36"
185.191.171.7 - - [12/Dec/2025:18:51:53 +0300] "GET /250823327.phtml HTTP/1.1" 500 20 "-" "Mozilla/5.0 (compatible; SemrushBot/7~bl; +http://www.semrush.com/bot.html)"
185.191.171.10 - - [12/Dec/2025:18:52:20 +0300] "GET /robots.txt HTTP/1.1" 200 147 "-" "Mozilla/5.0 (compatible; SemrushBot/7~bl; +http://www.semrush.com/bot.html)"
185.191.171.11 - - [12/Dec/2025:18:52:55 +0300] "GET /222949481.phtml HTTP/1.1" 500 20 "-" "Mozilla/5.0 (compatible; SemrushBot/7~bl; +http://www.semrush.com/bot.html)"
157.55.39.205 - - [12/Dec/2025:18:53:14 +0300] "GET /71601746.phtml HTTP/2" 200 26876 "-" "Mozilla/5.0 AppleWebKit/537.36 (KHTML, like Gecko; compatible; bingbot/2.0; +http://www.bing.com/bingbot.htm) Chrome/116.0.1938.76 Safari/537.36"
52.167.144.168 - - [12/Dec/2025:18:53:49 +0300] "GET /173962004.phtml HTTP/2" 200 27709 "-" "Mozilla/5.0 AppleWebKit/537.36 (KHTML, like Gecko; compatible; bingbot/2.0; +http://www.bing.com/bingbot.htm) Chrome/116.0.1938.76 Safari/537.36"
52.167.144.168 - - [12/Dec/2025:18:54:11 +0300] "GET /622778603.phtml HTTP/2" 200 28032 "-" "Mozilla/5.0 AppleWebKit/537.36 (KHTML, like Gecko; compatible; bingbot/2.0; +http://www.bing.com/bingbot.htm) Chrome/116.0.1938.76 Safari/537.36"
157.55.39.9 - - [12/Dec/2025:18:54:16 +0300] "GET /158592419.phtml HTTP/2" 200 27896 "-" "Mozilla/5.0 AppleWebKit/537.36 (KHTML, like Gecko; compatible; bingbot/2.0; +http://www.bing.com/bingbot.htm) Chrome/116.0.1938.76 Safari/537.36"
157.55.39.9 - - [12/Dec/2025:18:54:17 +0300] "GET /226912748.phtml HTTP/2" 200 25954 "-" "Mozilla/5.0 AppleWebKit/537.36 (KHTML, like Gecko; compatible; bingbot/2.0; +http://www.bing.com/bingbot.htm) Chrome/116.0.1938.76 Safari/537.36"
157.55.39.9 - - [12/Dec/2025:18:55:25 +0300] "GET /544583948.phtml HTTP/2" 200 26067 "-" "Mozilla/5.0 AppleWebKit/537.36 (KHTML, like Gecko; compatible; bingbot/2.0; +http://www.bing.com/bingbot.htm) Chrome/116.0.1938.76 Safari/537.36"
157.55.39.9 - - [12/Dec/2025:18:55:26 +0300] "GET /500256896.phtml HTTP/2" 200 26166 "-" "Mozilla/5.0 AppleWebKit/537.36 (KHTML, like Gecko; compatible; bingbot/2.0; +http://www.bing.com/bingbot.htm) Chrome/116.0.1938.76 Safari/537.36"
52.167.144.16 - - [12/Dec/2025:18:50:00 +0300] "GET /352945193.phtml HTTP/2" 200 26779 "-" "Mozilla/5.0 AppleWebKit/537.36 (KHTML, like Gecko; compatible; bingbot/2.0; +http://www.bing.com/bingbot.htm) Chrome/116.0.1938.76 Safari/537.36"
74.7.227.140 - - [12/Dec/2025:18:50:33 +0300] "GET /205148159.phtml HTTP/2" 500 20 "-" "Mozilla/5.0 AppleWebKit/537.36 (KHTML, like Gecko; compatible; GPTBot/1.3; +https://openai.com/gptbot)"
157.55.39.205 - - [12/Dec/2025:18:52:14 +0300] "GET /291827906.phtml HTTP/2" 200 25678 "-" "Mozilla/5.0 AppleWebKit/537.36 (KHTML, like Gecko; compatible; bingbot/2.0; +http://www.bing.com/bingbot.htm) Chrome/116.0.1938.76 Safari/537.36"
157.55.39.205 - - [12/Dec/2025:18:52:15 +0300] "GET /405804923.phtml HTTP/2" 200 26835 "-" "Mozilla/5.0 AppleWebKit/537.36 (KHTML, like Gecko; compatible; bingbot/2.0; +http://www.bing.com/bingbot.htm) Chrome/116.0.1938.76 Safari/537.36"
52.167.144.168 - - [12/Dec/2025:18:53:10 +0300] "GET /560349236.phtml HTTP/2" 200 27260 "-" "Mozilla/5.0 AppleWebKit/537.36 (KHTML, like Gecko; compatible; bingbot/2.0; +http://www.bing.com/bingbot.htm) Chrome/116.0.1938.76 Safari/537.36"
157.55.39.9 - - [12/Dec/2025:18:53:43 +0300] "GET /673603685.phtml HTTP/2" 200 26897 "-" "Mozilla/5.0 AppleWebKit/537.36 (KHTML, like Gecko; compatible; bingbot/2.0; +http://www.bing.com/bingbot.htm) Chrome/116.0.1938.76 Safari/537.36"
74.7.227.140 - - [12/Dec/2025:18:53:44 +0300] "GET /533749124.phtml HTTP/2" 500 20 "-" "Mozilla/5.0 AppleWebKit/537.36 (KHTML, like Gecko; compatible; GPTBot/1.3; +https://openai.com/gptbot)"
157.55.39.205 - - [12/Dec/2025:18:53:54 +0300] "GET /534280655.phtml HTTP/2" 200 26898 "-" "Mozilla/5.0 AppleWebKit/537.36 (KHTML, like Gecko; compatible; bingbot/2.0; +http://www.bing.com/bingbot.htm) Chrome/116.0.1938.76 Safari/537.36"
185.191.171.18 - - [12/Dec/2025:18:53:56 +0300] "GET /518592521.phtml HTTP/1.1" 500 20 "-" "Mozilla/5.0 (compatible; SemrushBot/7~bl; +http://www.semrush.com/bot.html)"
157.55.39.205 - - [12/Dec/2025:18:54:15 +0300] "GET /408002657.phtml HTTP/2" 200 26741 "-" "Mozilla/5.0 AppleWebKit/537.36 (KHTML, like Gecko; compatible; bingbot/2.0; +http://www.bing.com/bingbot.htm) Chrome/116.0.1938.76 Safari/537.36"
157.55.39.205 - - [12/Dec/2025:18:54:24 +0300] "GET /468911582.phtml HTTP/2" 200 25338 "-" "Mozilla/5.0 AppleWebKit/537.36 (KHTML, like Gecko; compatible; bingbot/2.0; +http://www.bing.com/bingbot.htm) Chrome/116.0.1938.76 Safari/537.36"
52.167.144.168 - - [12/Dec/2025:18:54:41 +0300] "GET /361810049.phtml HTTP/2" 200 27195 "-" "Mozilla/5.0 AppleWebKit/537.36 (KHTML, like Gecko; compatible; bingbot/2.0; +http://www.bing.com/bingbot.htm) Chrome/116.0.1938.76 Safari/537.36"
74.7.227.140 - - [12/Dec/2025:18:54:47 +0300] "GET /180338297.phtml HTTP/2" 500 20 "-" "Mozilla/5.0 AppleWebKit/537.36 (KHTML, like Gecko; compatible; GPTBot/1.3; +https://openai.com/gptbot)"
85.208.96.206 - - [12/Dec/2025:18:54:57 +0300] "GET /327700820.phtml HTTP/1.1" 500 20 "-" "Mozilla/5.0 (compatible; SemrushBot/7~bl; +http://www.semrush.com/bot.html)"
52.167.144.168 - - [12/Dec/2025:18:55:20 +0300] "GET /28739696.phtml HTTP/2" 200 28083 "-" "Mozilla/5.0 AppleWebKit/537.36 (KHTML, like Gecko; compatible; bingbot/2.0; +http://www.bing.com/bingbot.htm) Chrome/116.0.1938.76 Safari/537.36"
204.12.252.98 - - [12/Dec/2025:18:55:28 +0300] "GET /wp-includes/im9c5db8/edit.php HTTP/1.1" 500 20 "https://survivorshoes.com/wp-includes/im9c5db8/edit.php" "Mozilla/5.0 (Windows NT 10.0; Win64; x64) AppleWebKit/537.36 (KHTML, like Gecko) Chrome/58.0.3029.110 Safari/537.3"
204.12.252.98 - - [12/Dec/2025:18:55:28 +0300] "GET /wp-includes/im9c5db8/edit.php HTTP/1.1" 500 20 "https://survivorshoes.com/wp-includes/im9c5db8/edit.php" "Mozilla/5.0 (Windows NT 10.0; Win64; x64) AppleWebKit/537.36 (KHTML, like Gecko) Chrome/58.0.3029.110 Safari/537.3"
157.55.39.9 - - [12/Dec/2025:18:56:03 +0300] "GET /479473595.phtml HTTP/2" 200 26054 "-" "Mozilla/5.0 AppleWebKit/537.36 (KHTML, like Gecko; compatible; bingbot/2.0; +http://www.bing.com/bingbot.htm) Chrome/116.0.1938.76 Safari/537.36"
157.55.39.9 - - [12/Dec/2025:18:55:42 +0300] "GET /370982597.phtml HTTP/2" 200 27278 "-" "Mozilla/5.0 AppleWebKit/537.36 (KHTML, like Gecko; compatible; bingbot/2.0; +http://www.bing.com/bingbot.htm) Chrome/116.0.1938.76 Safari/537.36"
157.55.39.9 - - [12/Dec/2025:18:55:35 +0300] "GET /569128391.phtml HTTP/2" 200 25714 "-" "Mozilla/5.0 AppleWebKit/537.36 (KHTML, like Gecko; compatible; bingbot/2.0; +http://www.bing.com/bingbot.htm) Chrome/116.0.1938.76 Safari/537.36"
157.55.39.9 - - [12/Dec/2025:18:55:55 +0300] "GET /624467906.phtml HTTP/2" 200 25481 "-" "Mozilla/5.0 AppleWebKit/537.36 (KHTML, like Gecko; compatible; bingbot/2.0; +http://www.bing.com/bingbot.htm) Chrome/116.0.1938.76 Safari/537.36"
85.208.96.211 - - [12/Dec/2025:18:55:58 +0300] "GET /153422408.phtml HTTP/1.1" 500 20 "-" "Mozilla/5.0 (compatible; SemrushBot/7~bl; +http://www.semrush.com/bot.html)"
207.46.13.52 - - [12/Dec/2025:18:56:24 +0300] "GET /81598040.phtml HTTP/2" 200 27467 "-" "Mozilla/5.0 AppleWebKit/537.36 (KHTML, like Gecko; compatible; bingbot/2.0; +http://www.bing.com/bingbot.htm) Chrome/116.0.1938.76 Safari/537.36"
157.55.39.9 - - [12/Dec/2025:18:56:25 +0300] "GET /290097254.phtml HTTP/2" 200 26343 "-" "Mozilla/5.0 AppleWebKit/537.36 (KHTML, like Gecko; compatible; bingbot/2.0; +http://www.bing.com/bingbot.htm) Chrome/116.0.1938.76 Safari/537.36"
207.46.13.52 - - [12/Dec/2025:18:56:27 +0300] "GET /391591955.phtml HTTP/2" 200 27598 "-" "Mozilla/5.0 AppleWebKit/537.36 (KHTML, like Gecko; compatible; bingbot/2.0; +http://www.bing.com/bingbot.htm) Chrome/116.0.1938.76 Safari/537.36"
74.7.227.140 - - [12/Dec/2025:18:56:49 +0300] "GET /169742327.phtml HTTP/2" 500 20 "-" "Mozilla/5.0 AppleWebKit/537.36 (KHTML, like Gecko; compatible; GPTBot/1.3; +https://openai.com/gptbot)"
207.46.13.52 - - [12/Dec/2025:18:56:53 +0300] "GET /242610584.phtml HTTP/2" 200 25829 "-" "Mozilla/5.0 AppleWebKit/537.36 (KHTML, like Gecko; compatible; bingbot/2.0; +http://www.bing.com/bingbot.htm) Chrome/116.0.1938.76 Safari/537.36"
185.191.171.13 - - [12/Dec/2025:18:56:59 +0300] "GET /642255137.phtml HTTP/1.1" 500 20 "-" "Mozilla/5.0 (compatible; SemrushBot/7~bl; +http://www.semrush.com/bot.html)"
52.167.144.168 - - [12/Dec/2025:18:57:02 +0300] "GET /153144977.phtml HTTP/2" 200 27302 "-" "Mozilla/5.0 AppleWebKit/537.36 (KHTML, like Gecko; compatible; bingbot/2.0; +http://www.bing.com/bingbot.htm) Chrome/116.0.1938.76 Safari/537.36"
52.167.144.168 - - [12/Dec/2025:18:57:39 +0300] "GET /484399901.phtml HTTP/2" 200 28430 "-" "Mozilla/5.0 AppleWebKit/537.36 (KHTML, like Gecko; compatible; bingbot/2.0; +http://www.bing.com/bingbot.htm) Chrome/116.0.1938.76 Safari/537.36"
52.167.144.168 - - [12/Dec/2025:18:57:50 +0300] "GET /141674903.phtml HTTP/2" 200 26568 "-" "Mozilla/5.0 AppleWebKit/537.36 (KHTML, like Gecko; compatible; bingbot/2.0; +http://www.bing.com/bingbot.htm) Chrome/116.0.1938.76 Safari/537.36"
157.55.39.9 - - [12/Dec/2025:18:58:06 +0300] "GET /686912519.phtml HTTP/2" 200 26663 "-" "Mozilla/5.0 AppleWebKit/537.36 (KHTML, like Gecko; compatible; bingbot/2.0; +http://www.bing.com/bingbot.htm) Chrome/116.0.1938.76 Safari/537.36"
52.167.144.168 - - [12/Dec/2025:18:58:59 +0300] "GET /314159138.phtml HTTP/2" 200 26451 "-" "Mozilla/5.0 AppleWebKit/537.36 (KHTML, like Gecko; compatible; bingbot/2.0; +http://www.bing.com/bingbot.htm) Chrome/116.0.1938.76 Safari/537.36"
185.191.171.13 - - [12/Dec/2025:18:59:02 +0300] "GET /359396561.phtml HTTP/1.1" 500 20 "-" "Mozilla/5.0 (compatible; SemrushBot/7~bl; +http://www.semrush.com/bot.html)"
74.7.227.140 - - [12/Dec/2025:19:00:00 +0300] "GET /248541971.phtml HTTP/2" 500 20 "-" "Mozilla/5.0 AppleWebKit/537.36 (KHTML, like Gecko; compatible; GPTBot/1.3; +https://openai.com/gptbot)"
207.46.13.52 - - [12/Dec/2025:19:00:33 +0300] "GET /114856265.phtml HTTP/2" 200 26008 "-" "Mozilla/5.0 AppleWebKit/537.36 (KHTML, like Gecko; compatible; bingbot/2.0; +http://www.bing.com/bingbot.htm) Chrome/116.0.1938.76 Safari/537.36"
52.167.144.168 - - [12/Dec/2025:18:56:11 +0300] "GET /35940197.phtml HTTP/2" 200 25929 "-" "Mozilla/5.0 AppleWebKit/537.36 (KHTML, like Gecko; compatible; bingbot/2.0; +http://www.bing.com/bingbot.htm) Chrome/116.0.1938.76 Safari/537.36"
52.167.144.168 - - [12/Dec/2025:18:56:12 +0300] "GET /335616035.phtml HTTP/2" 200 25772 "-" "Mozilla/5.0 AppleWebKit/537.36 (KHTML, like Gecko; compatible; bingbot/2.0; +http://www.bing.com/bingbot.htm) Chrome/116.0.1938.76 Safari/537.36"
52.167.144.168 - - [12/Dec/2025:18:56:21 +0300] "GET /289145765.phtml HTTP/2" 200 26065 "-" "Mozilla/5.0 AppleWebKit/537.36 (KHTML, like Gecko; compatible; bingbot/2.0; +http://www.bing.com/bingbot.htm) Chrome/116.0.1938.76 Safari/537.36"
85.208.96.203 - - [12/Dec/2025:18:58:00 +0300] "GET /340472348.phtml HTTP/1.1" 500 20 "-" "Mozilla/5.0 (compatible; SemrushBot/7~bl; +http://www.semrush.com/bot.html)"
52.167.144.168 - - [12/Dec/2025:18:58:40 +0300] "GET /434954582.phtml HTTP/2" 200 28060 "-" "Mozilla/5.0 AppleWebKit/537.36 (KHTML, like Gecko; compatible; bingbot/2.0; +http://www.bing.com/bingbot.htm) Chrome/116.0.1938.76 Safari/537.36"
207.46.13.52 - - [12/Dec/2025:18:58:45 +0300] "GET /10392752.phtml HTTP/2" 200 26223 "-" "Mozilla/5.0 AppleWebKit/537.36 (KHTML, like Gecko; compatible; bingbot/2.0; +http://www.bing.com/bingbot.htm) Chrome/116.0.1938.76 Safari/537.36"
207.46.13.52 - - [12/Dec/2025:18:58:46 +0300] "GET /29790053.phtml HTTP/2" 200 26995 "-" "Mozilla/5.0 AppleWebKit/537.36 (KHTML, like Gecko; compatible; bingbot/2.0; +http://www.bing.com/bingbot.htm) Chrome/116.0.1938.76 Safari/537.36"
157.55.39.9 - - [12/Dec/2025:18:58:50 +0300] "GET /575553194.phtml HTTP/2" 200 26831 "-" "Mozilla/5.0 AppleWebKit/537.36 (KHTML, like Gecko; compatible; bingbot/2.0; +http://www.bing.com/bingbot.htm) Chrome/116.0.1938.76 Safari/537.36"
157.55.39.9 - - [12/Dec/2025:18:58:51 +0300] "GET /215184647.phtml HTTP/2" 200 25883 "-" "Mozilla/5.0 AppleWebKit/537.36 (KHTML, like Gecko; compatible; bingbot/2.0; +http://www.bing.com/bingbot.htm) Chrome/116.0.1938.76 Safari/537.36"
52.167.144.168 - - [12/Dec/2025:19:00:09 +0300] "GET /662888981.phtml HTTP/2" 200 26067 "-" "Mozilla/5.0 AppleWebKit/537.36 (KHTML, like Gecko; compatible; bingbot/2.0; +http://www.bing.com/bingbot.htm) Chrome/116.0.1938.76 Safari/537.36"
85.208.96.211 - - [12/Dec/2025:19:00:03 +0300] "GET /86728781.phtml HTTP/1.1" 500 20 "-" "Mozilla/5.0 (compatible; SemrushBot/7~bl; +http://www.semrush.com/bot.html)"
157.55.39.9 - - [12/Dec/2025:19:00:57 +0300] "GET /355720196.phtml HTTP/2" 200 25556 "-" "Mozilla/5.0 AppleWebKit/537.36 (KHTML, like Gecko; compatible; bingbot/2.0; +http://www.bing.com/bingbot.htm) Chrome/116.0.1938.76 Safari/537.36"
52.167.144.168 - - [12/Dec/2025:19:01:21 +0300] "GET /46718426.phtml HTTP/2" 200 26324 "-" "Mozilla/5.0 AppleWebKit/537.36 (KHTML, like Gecko; compatible; bingbot/2.0; +http://www.bing.com/bingbot.htm) Chrome/116.0.1938.76 Safari/537.36"
157.55.39.9 - - [12/Dec/2025:19:01:28 +0300] "GET /22100063.phtml HTTP/2" 200 27792 "-" "Mozilla/5.0 AppleWebKit/537.36 (KHTML, like Gecko; compatible; bingbot/2.0; +http://www.bing.com/bingbot.htm) Chrome/116.0.1938.76 Safari/537.36"
157.55.39.9 - - [12/Dec/2025:19:01:37 +0300] "GET /169025072.phtml HTTP/2" 200 25168 "-" "Mozilla/5.0 AppleWebKit/537.36 (KHTML, like Gecko; compatible; bingbot/2.0; +http://www.bing.com/bingbot.htm) Chrome/116.0.1938.76 Safari/537.36"
52.167.144.168 - - [12/Dec/2025:19:02:09 +0300] "GET /211404563.phtml HTTP/2" 200 28613 "-" "Mozilla/5.0 AppleWebKit/537.36 (KHTML, like Gecko; compatible; bingbot/2.0; +http://www.bing.com/bingbot.htm) Chrome/116.0.1938.76 Safari/537.36"
185.191.171.17 - - [12/Dec/2025:19:02:13 +0300] "GET /529850306.phtml HTTP/1.1" 500 20 "-" "Mozilla/5.0 (compatible; SemrushBot/7~bl; +http://www.semrush.com/bot.html)"
207.46.13.52 - - [12/Dec/2025:19:02:33 +0300] "GET /24784976.phtml HTTP/2" 200 25996 "-" "Mozilla/5.0 AppleWebKit/537.36 (KHTML, like Gecko; compatible; bingbot/2.0; +http://www.bing.com/bingbot.htm) Chrome/116.0.1938.76 Safari/537.36"
52.167.144.168 - - [12/Dec/2025:19:02:51 +0300] "GET /532475621.phtml HTTP/2" 200 26360 "-" "Mozilla/5.0 AppleWebKit/537.36 (KHTML, like Gecko; compatible; bingbot/2.0; +http://www.bing.com/bingbot.htm) Chrome/116.0.1938.76 Safari/537.36"
207.46.13.52 - - [12/Dec/2025:19:03:56 +0300] "GET /357917468.phtml HTTP/2" 200 28104 "-" "Mozilla/5.0 AppleWebKit/537.36 (KHTML, like Gecko; compatible; bingbot/2.0; +http://www.bing.com/bingbot.htm) Chrome/116.0.1938.76 Safari/537.36"
74.7.227.140 - - [12/Dec/2025:19:04:11 +0300] "GET /258097748.phtml HTTP/2" 500 20 "-" "Mozilla/5.0 AppleWebKit/537.36 (KHTML, like Gecko; compatible; GPTBot/1.3; +https://openai.com/gptbot)"
207.46.13.52 - - [12/Dec/2025:19:04:14 +0300] "GET /188113526.phtml HTTP/2" 200 26931 "-" "Mozilla/5.0 AppleWebKit/537.36 (KHTML, like Gecko; compatible; bingbot/2.0; +http://www.bing.com/bingbot.htm) Chrome/116.0.1938.76 Safari/537.36"
185.191.171.15 - - [12/Dec/2025:19:04:32 +0300] "GET /508257119.phtml HTTP/1.1" 500 20 "-" "Mozilla/5.0 (compatible; SemrushBot/7~bl; +http://www.semrush.com/bot.html)"
40.77.167.0 - - [12/Dec/2025:19:04:40 +0300] "GET /527223143.phtml HTTP/2" 200 26487 "-" "Mozilla/5.0 AppleWebKit/537.36 (KHTML, like Gecko; compatible; bingbot/2.0; +http://www.bing.com/bingbot.htm) Chrome/116.0.1938.76 Safari/537.36"
40.77.167.0 - - [12/Dec/2025:19:04:41 +0300] "GET /202271978.phtml HTTP/2" 200 28142 "-" "Mozilla/5.0 AppleWebKit/537.36 (KHTML, like Gecko; compatible; bingbot/2.0; +http://www.bing.com/bingbot.htm) Chrome/116.0.1938.76 Safari/537.36"
