40.77.167.58 - - [13/Dec/2025:11:13:23 +0300] "GET /121029278.phtml HTTP/2" 200 27063 "-" "Mozilla/5.0 AppleWebKit/537.36 (KHTML, like Gecko; compatible; bingbot/2.0; +http://www.bing.com/bingbot.htm) Chrome/116.0.1938.76 Safari/537.36"
40.77.167.58 - - [13/Dec/2025:11:13:24 +0300] "GET /374863628.phtml HTTP/2" 200 27272 "-" "Mozilla/5.0 AppleWebKit/537.36 (KHTML, like Gecko; compatible; bingbot/2.0; +http://www.bing.com/bingbot.htm) Chrome/116.0.1938.76 Safari/537.36"
57.141.0.74 - - [13/Dec/2025:11:13:47 +0300] "GET /96744248.phtml HTTP/2" 500 0 "-" "meta-externalagent/1.1 (+https://developers.facebook.com/docs/sharing/webmasters/crawler)"
40.77.167.58 - - [13/Dec/2025:11:14:14 +0300] "GET /205783871.phtml HTTP/2" 200 26904 "-" "Mozilla/5.0 AppleWebKit/537.36 (KHTML, like Gecko; compatible; bingbot/2.0; +http://www.bing.com/bingbot.htm) Chrome/116.0.1938.76 Safari/537.36"
185.191.171.15 - - [13/Dec/2025:11:14:32 +0300] "GET /440919695.phtml HTTP/1.1" 500 20 "-" "Mozilla/5.0 (compatible; SemrushBot/7~bl; +http://www.semrush.com/bot.html)"
40.77.167.1 - - [13/Dec/2025:11:15:16 +0300] "GET /535338635.phtml HTTP/2" 200 26638 "-" "Mozilla/5.0 AppleWebKit/537.36 (KHTML, like Gecko; compatible; bingbot/2.0; +http://www.bing.com/bingbot.htm) Chrome/116.0.1938.76 Safari/537.36"
185.191.171.6 - - [13/Dec/2025:11:15:34 +0300] "GET /268196144.phtml HTTP/1.1" 500 20 "-" "Mozilla/5.0 (compatible; SemrushBot/7~bl; +http://www.semrush.com/bot.html)"
74.7.242.5 - - [13/Dec/2025:11:16:27 +0300] "GET /601796873.phtml HTTP/2" 500 20 "-" "Mozilla/5.0 AppleWebKit/537.36 (KHTML, like Gecko; compatible; GPTBot/1.3; +https://openai.com/gptbot)"
185.191.171.14 - - [13/Dec/2025:11:16:36 +0300] "GET /386601662.phtml HTTP/1.1" 500 20 "-" "Mozilla/5.0 (compatible; SemrushBot/7~bl; +http://www.semrush.com/bot.html)"
74.7.242.5 - - [13/Dec/2025:11:17:29 +0300] "GET /401019758.phtml HTTP/2" 500 20 "-" "Mozilla/5.0 AppleWebKit/537.36 (KHTML, like Gecko; compatible; GPTBot/1.3; +https://openai.com/gptbot)"
40.77.167.71 - - [13/Dec/2025:11:12:06 +0300] "GET /373913987.phtml HTTP/2" 200 27054 "-" "Mozilla/5.0 AppleWebKit/537.36 (KHTML, like Gecko; compatible; bingbot/2.0; +http://www.bing.com/bingbot.htm) Chrome/116.0.1938.76 Safari/537.36"
40.77.167.58 - - [13/Dec/2025:11:12:13 +0300] "GET /485893547.phtml HTTP/2" 200 27166 "-" "Mozilla/5.0 AppleWebKit/537.36 (KHTML, like Gecko; compatible; bingbot/2.0; +http://www.bing.com/bingbot.htm) Chrome/116.0.1938.76 Safari/537.36"
85.208.96.200 - - [13/Dec/2025:11:12:30 +0300] "GET /619911893.phtml HTTP/1.1" 500 20 "-" "Mozilla/5.0 (compatible; SemrushBot/7~bl; +http://www.semrush.com/bot.html)"
85.208.96.207 - - [13/Dec/2025:11:13:31 +0300] "GET /129479951.phtml HTTP/1.1" 500 20 "-" "Mozilla/5.0 (compatible; SemrushBot/7~bl; +http://www.semrush.com/bot.html)"
57.141.0.25 - - [13/Dec/2025:11:14:54 +0300] "GET /25036841.shtml HTTP/2" 500 0 "-" "meta-externalagent/1.1 (+https://developers.facebook.com/docs/sharing/webmasters/crawler)"
40.77.167.58 - - [13/Dec/2025:11:16:23 +0300] "GET /190266677.phtml HTTP/2" 200 26528 "-" "Mozilla/5.0 AppleWebKit/537.36 (KHTML, like Gecko; compatible; bingbot/2.0; +http://www.bing.com/bingbot.htm) Chrome/116.0.1938.76 Safari/537.36"
185.191.171.14 - - [13/Dec/2025:11:17:38 +0300] "GET /630479219.phtml HTTP/1.1" 500 20 "-" "Mozilla/5.0 (compatible; SemrushBot/7~bl; +http://www.semrush.com/bot.html)"
185.191.171.2 - - [13/Dec/2025:11:18:39 +0300] "GET /689848760.phtml HTTP/1.1" 500 20 "-" "Mozilla/5.0 (compatible; SemrushBot/7~bl; +http://www.semrush.com/bot.html)"
185.191.171.17 - - [13/Dec/2025:11:18:53 +0300] "GET /robots.txt HTTP/1.1" 200 147 "-" "Mozilla/5.0 (compatible; SemrushBot/7~bl; +http://www.semrush.com/bot.html)"
74.7.242.5 - - [13/Dec/2025:11:19:34 +0300] "GET / HTTP/2" 500 20 "-" "Mozilla/5.0 AppleWebKit/537.36 (KHTML, like Gecko; compatible; GPTBot/1.3; +https://openai.com/gptbot)"
57.141.0.4 - - [13/Dec/2025:11:20:18 +0300] "GET /323529191.shtml HTTP/2" 500 0 "-" "meta-externalagent/1.1 (+https://developers.facebook.com/docs/sharing/webmasters/crawler)"
40.77.167.48 - - [13/Dec/2025:11:20:25 +0300] "GET /394920896.phtml HTTP/2" 200 25789 "-" "Mozilla/5.0 AppleWebKit/537.36 (KHTML, like Gecko; compatible; bingbot/2.0; +http://www.bing.com/bingbot.htm) Chrome/116.0.1938.76 Safari/537.36"
74.7.242.5 - - [13/Dec/2025:11:21:40 +0300] "GET /682720793.phtml HTTP/2" 500 20 "-" "Mozilla/5.0 AppleWebKit/537.36 (KHTML, like Gecko; compatible; GPTBot/1.3; +https://openai.com/gptbot)"
185.191.171.14 - - [13/Dec/2025:11:21:50 +0300] "GET /331804535.phtml HTTP/1.1" 500 20 "-" "Mozilla/5.0 (compatible; SemrushBot/7~bl; +http://www.semrush.com/bot.html)"
114.119.136.68 - - [13/Dec/2025:11:22:02 +0300] "GET /98645378.phtml HTTP/1.1" 500 20 "https://survivorshoes.com/sitemap-12.xml" "Mozilla/5.0 (Linux; Android 7.0;) AppleWebKit/537.36 (KHTML, like Gecko) Mobile Safari/537.36 (compatible; PetalBot;+https://webmaster.petalsearch.com/site/petalbot)"
57.141.0.74 - - [13/Dec/2025:11:24:47 +0300] "GET /171061241.shtml HTTP/2" 500 0 "-" "meta-externalagent/1.1 (+https://developers.facebook.com/docs/sharing/webmasters/crawler)"
40.77.167.16 - - [13/Dec/2025:11:25:22 +0300] "GET /274569434.phtml HTTP/2" 200 29779 "-" "Mozilla/5.0 AppleWebKit/537.36 (KHTML, like Gecko; compatible; bingbot/2.0; +http://www.bing.com/bingbot.htm) Chrome/116.0.1938.76 Safari/537.36"
52.167.144.194 - - [13/Dec/2025:11:25:28 +0300] "GET /523182722.phtml HTTP/2" 200 27229 "-" "Mozilla/5.0 AppleWebKit/537.36 (KHTML, like Gecko; compatible; bingbot/2.0; +http://www.bing.com/bingbot.htm) Chrome/116.0.1938.76 Safari/537.36"
85.208.96.206 - - [13/Dec/2025:11:25:56 +0300] "GET /453208664.phtml HTTP/1.1" 500 20 "-" "Mozilla/5.0 (compatible; SemrushBot/7~bl; +http://www.semrush.com/bot.html)"
40.77.167.16 - - [13/Dec/2025:11:26:03 +0300] "GET /682781777.phtml HTTP/2" 200 26423 "-" "Mozilla/5.0 AppleWebKit/537.36 (KHTML, like Gecko; compatible; bingbot/2.0; +http://www.bing.com/bingbot.htm) Chrome/116.0.1938.76 Safari/537.36"
52.167.144.194 - - [13/Dec/2025:11:17:44 +0300] "GET /58491803.phtml HTTP/2" 200 26195 "-" "Mozilla/5.0 AppleWebKit/537.36 (KHTML, like Gecko; compatible; bingbot/2.0; +http://www.bing.com/bingbot.htm) Chrome/116.0.1938.76 Safari/537.36"
85.208.96.198 - - [13/Dec/2025:11:19:40 +0300] "GET /693261785.phtml HTTP/1.1" 500 20 "-" "Mozilla/5.0 (compatible; SemrushBot/7~bl; +http://www.semrush.com/bot.html)"
185.191.171.14 - - [13/Dec/2025:11:20:48 +0300] "GET /640022060.phtml HTTP/1.1" 500 20 "-" "Mozilla/5.0 (compatible; SemrushBot/7~bl; +http://www.semrush.com/bot.html)"
52.167.144.204 - - [13/Dec/2025:11:22:31 +0300] "GET /528708473.phtml HTTP/2" 200 25717 "-" "Mozilla/5.0 AppleWebKit/537.36 (KHTML, like Gecko; compatible; bingbot/2.0; +http://www.bing.com/bingbot.htm) Chrome/116.0.1938.76 Safari/537.36"
208.110.64.178 - - [13/Dec/2025:11:22:31 +0300] "GET /wp-includes/im9c5db8/edit.php HTTP/1.1" 500 20 "https://survivorshoes.com/wp-includes/im9c5db8/edit.php" "Mozilla/5.0 (Windows NT 10.0; Win64; x64) AppleWebKit/537.36 (KHTML, like Gecko) Chrome/58.0.3029.110 Safari/537.3"
208.110.64.178 - - [13/Dec/2025:11:22:32 +0300] "GET /wp-includes/im9c5db8/edit.php HTTP/1.1" 500 20 "https://survivorshoes.com/wp-includes/im9c5db8/edit.php" "Mozilla/5.0 (Windows NT 10.0; Win64; x64) AppleWebKit/537.36 (KHTML, like Gecko) Chrome/58.0.3029.110 Safari/537.3"
57.141.0.41 - - [13/Dec/2025:11:22:43 +0300] "GET /84077132.phtml HTTP/2" 500 0 "-" "meta-externalagent/1.1 (+https://developers.facebook.com/docs/sharing/webmasters/crawler)"
85.208.96.199 - - [13/Dec/2025:11:22:52 +0300] "GET /195085568.phtml HTTP/1.1" 500 20 "-" "Mozilla/5.0 (compatible; SemrushBot/7~bl; +http://www.semrush.com/bot.html)"
185.191.171.17 - - [13/Dec/2025:11:23:53 +0300] "GET /461891723.phtml HTTP/1.1" 500 20 "-" "Mozilla/5.0 (compatible; SemrushBot/7~bl; +http://www.semrush.com/bot.html)"
74.7.242.5 - - [13/Dec/2025:11:24:53 +0300] "GET /206438525.phtml HTTP/2" 500 20 "-" "Mozilla/5.0 AppleWebKit/537.36 (KHTML, like Gecko; compatible; GPTBot/1.3; +https://openai.com/gptbot)"
185.191.171.14 - - [13/Dec/2025:11:24:54 +0300] "GET /376016087.phtml HTTP/1.1" 500 20 "-" "Mozilla/5.0 (compatible; SemrushBot/7~bl; +http://www.semrush.com/bot.html)"
74.7.242.5 - - [13/Dec/2025:11:25:56 +0300] "GET /479267543.phtml HTTP/2" 500 20 "-" "Mozilla/5.0 AppleWebKit/537.36 (KHTML, like Gecko; compatible; GPTBot/1.3; +https://openai.com/gptbot)"
52.167.144.194 - - [13/Dec/2025:11:26:08 +0300] "GET /8219042.phtml HTTP/2" 200 25750 "-" "Mozilla/5.0 AppleWebKit/537.36 (KHTML, like Gecko; compatible; bingbot/2.0; +http://www.bing.com/bingbot.htm) Chrome/116.0.1938.76 Safari/537.36"
85.208.96.206 - - [13/Dec/2025:11:26:58 +0300] "GET /510546329.phtml HTTP/1.1" 500 20 "-" "Mozilla/5.0 (compatible; SemrushBot/7~bl; +http://www.semrush.com/bot.html)"
40.77.167.48 - - [13/Dec/2025:11:28:16 +0300] "GET /556163978.phtml HTTP/2" 200 26545 "-" "Mozilla/5.0 AppleWebKit/537.36 (KHTML, like Gecko; compatible; bingbot/2.0; +http://www.bing.com/bingbot.htm) Chrome/116.0.1938.76 Safari/537.36"
204.12.252.98 - - [13/Dec/2025:11:28:57 +0300] "GET /wp-includes/im9c5db8/edit.php HTTP/1.1" 500 20 "https://survivorshoes.com/wp-includes/im9c5db8/edit.php" "Mozilla/5.0 (Windows NT 10.0; Win64; x64) AppleWebKit/537.36 (KHTML, like Gecko) Chrome/58.0.3029.110 Safari/537.3"
204.12.252.98 - - [13/Dec/2025:11:28:57 +0300] "GET /wp-includes/im9c5db8/edit.php HTTP/1.1" 500 20 "https://survivorshoes.com/wp-includes/im9c5db8/edit.php" "Mozilla/5.0 (Windows NT 10.0; Win64; x64) AppleWebKit/537.36 (KHTML, like Gecko) Chrome/58.0.3029.110 Safari/537.3"
74.7.242.5 - - [13/Dec/2025:11:29:05 +0300] "GET /690891263.phtml HTTP/2" 500 20 "-" "Mozilla/5.0 AppleWebKit/537.36 (KHTML, like Gecko; compatible; GPTBot/1.3; +https://openai.com/gptbot)"
74.7.242.5 - - [13/Dec/2025:11:30:10 +0300] "GET /640823861.phtml HTTP/2" 500 20 "-" "Mozilla/5.0 AppleWebKit/537.36 (KHTML, like Gecko; compatible; GPTBot/1.3; +https://openai.com/gptbot)"
57.141.0.70 - - [13/Dec/2025:11:27:36 +0300] "GET /238066241.shtml HTTP/2" 500 0 "-" "meta-externalagent/1.1 (+https://developers.facebook.com/docs/sharing/webmasters/crawler)"
85.208.96.206 - - [13/Dec/2025:11:28:00 +0300] "GET /52537316.phtml HTTP/1.1" 500 20 "-" "Mozilla/5.0 (compatible; SemrushBot/7~bl; +http://www.semrush.com/bot.html)"
52.167.144.215 - - [13/Dec/2025:11:28:21 +0300] "GET /152124188.phtml HTTP/2" 200 26406 "-" "Mozilla/5.0 AppleWebKit/537.36 (KHTML, like Gecko; compatible; bingbot/2.0; +http://www.bing.com/bingbot.htm) Chrome/116.0.1938.76 Safari/537.36"
185.191.171.13 - - [13/Dec/2025:11:29:01 +0300] "GET /6259700.phtml HTTP/1.1" 500 20 "-" "Mozilla/5.0 (compatible; SemrushBot/7~bl; +http://www.semrush.com/bot.html)"
185.191.171.14 - - [13/Dec/2025:11:30:09 +0300] "GET /605455913.phtml HTTP/1.1" 500 20 "-" "Mozilla/5.0 (compatible; SemrushBot/7~bl; +http://www.semrush.com/bot.html)"
185.191.171.12 - - [13/Dec/2025:11:31:11 +0300] "GET /12461126.phtml HTTP/1.1" 500 20 "-" "Mozilla/5.0 (compatible; SemrushBot/7~bl; +http://www.semrush.com/bot.html)"
74.7.242.5 - - [13/Dec/2025:11:33:19 +0300] "GET /157608590.phtml HTTP/2" 500 20 "-" "Mozilla/5.0 AppleWebKit/537.36 (KHTML, like Gecko; compatible; GPTBot/1.3; +https://openai.com/gptbot)"
74.7.242.5 - - [13/Dec/2025:11:34:20 +0300] "GET /253409834.phtml HTTP/2" 500 20 "-" "Mozilla/5.0 AppleWebKit/537.36 (KHTML, like Gecko; compatible; GPTBot/1.3; +https://openai.com/gptbot)"
85.208.96.201 - - [13/Dec/2025:11:37:16 +0300] "GET /3386753.phtml HTTP/1.1" 500 20 "-" "Mozilla/5.0 (compatible; SemrushBot/7~bl; +http://www.semrush.com/bot.html)"
85.208.96.193 - - [13/Dec/2025:11:38:17 +0300] "GET /267016889.phtml HTTP/1.1" 500 20 "-" "Mozilla/5.0 (compatible; SemrushBot/7~bl; +http://www.semrush.com/bot.html)"
66.249.66.169 - - [13/Dec/2025:11:38:52 +0300] "GET /8773442.phtml HTTP/1.1" 200 27263 "-" "Mozilla/5.0 (Linux; Android 6.0.1; Nexus 5X Build/MMB29P) AppleWebKit/537.36 (KHTML, like Gecko) Chrome/141.0.7390.122 Mobile Safari/537.36 (compatible; Googlebot/2.1; +http://www.google.com/bot.html)"
66.249.66.43 - - [13/Dec/2025:11:39:02 +0300] "GET /?v=2766176284033&channel=173e99&from=https://survivorshoes.com/detail.py?avoid192010234 HTTP/1.1" 200 27009 "-" "Mozilla/5.0 (Linux; Android 6.0.1; Nexus 5X Build/MMB29P) AppleWebKit/537.36 (KHTML, like Gecko) Chrome/141.0.7390.122 Mobile Safari/537.36 (compatible; Googlebot/2.1; +http://www.google.com/bot.html)"
66.249.66.6 - - [13/Dec/2025:11:39:11 +0300] "GET /36366623.phtml HTTP/1.1" 200 27482 "-" "Mozilla/5.0 (Linux; Android 6.0.1; Nexus 5X Build/MMB29P) AppleWebKit/537.36 (KHTML, like Gecko) Chrome/141.0.7390.122 Mobile Safari/537.36 (compatible; Googlebot/2.1; +http://www.google.com/bot.html)"
66.249.66.68 - - [13/Dec/2025:11:39:21 +0300] "GET /177726611.phtml HTTP/1.1" 200 29073 "-" "Mozilla/5.0 (Linux; Android 6.0.1; Nexus 5X Build/MMB29P) AppleWebKit/537.36 (KHTML, like Gecko) Chrome/141.0.7390.122 Mobile Safari/537.36 (compatible; Googlebot/2.1; +http://www.google.com/bot.html)"
66.249.66.41 - - [13/Dec/2025:11:39:25 +0300] "GET /668685695.phtml HTTP/1.1" 200 25821 "-" "Mozilla/5.0 (Linux; Android 6.0.1; Nexus 5X Build/MMB29P) AppleWebKit/537.36 (KHTML, like Gecko) Chrome/141.0.7390.122 Mobile Safari/537.36 (compatible; Googlebot/2.1; +http://www.google.com/bot.html)"
66.249.66.68 - - [13/Dec/2025:11:39:32 +0300] "GET /502676852.phtml HTTP/1.1" 200 25724 "-" "Mozilla/5.0 (Linux; Android 6.0.1; Nexus 5X Build/MMB29P) AppleWebKit/537.36 (KHTML, like Gecko) Chrome/141.0.7390.122 Mobile Safari/537.36 (compatible; Googlebot/2.1; +http://www.google.com/bot.html)"
57.141.0.11 - - [13/Dec/2025:11:39:36 +0300] "GET /145089941.shtml HTTP/2" 500 0 "-" "meta-externalagent/1.1 (+https://developers.facebook.com/docs/sharing/webmasters/crawler)"
40.77.167.25 - - [13/Dec/2025:11:31:06 +0300] "GET /443097794.phtml HTTP/2" 200 25682 "-" "Mozilla/5.0 AppleWebKit/537.36 (KHTML, like Gecko; compatible; bingbot/2.0; +http://www.bing.com/bingbot.htm) Chrome/116.0.1938.76 Safari/537.36"
66.249.66.41 - - [13/Dec/2025:11:32:02 +0300] "GET /231512420.phtml HTTP/1.1" 200 26585 "-" "Mozilla/5.0 (Linux; Android 6.0.1; Nexus 5X Build/MMB29P) AppleWebKit/537.36 (KHTML, like Gecko) Chrome/141.0.7390.122 Mobile Safari/537.36 (compatible; Googlebot/2.1; +http://www.google.com/bot.html)"
85.208.96.198 - - [13/Dec/2025:11:32:12 +0300] "GET /140438129.phtml HTTP/1.1" 500 20 "-" "Mozilla/5.0 (compatible; SemrushBot/7~bl; +http://www.semrush.com/bot.html)"
85.208.96.198 - - [13/Dec/2025:11:33:12 +0300] "GET /239399915.phtml HTTP/1.1" 500 20 "-" "Mozilla/5.0 (compatible; SemrushBot/7~bl; +http://www.semrush.com/bot.html)"
185.191.171.19 - - [13/Dec/2025:11:34:13 +0300] "GET /126767780.phtml HTTP/1.1" 500 20 "-" "Mozilla/5.0 (compatible; SemrushBot/7~bl; +http://www.semrush.com/bot.html)"
85.208.96.212 - - [13/Dec/2025:11:35:14 +0300] "GET /37922177.phtml HTTP/1.1" 500 20 "-" "Mozilla/5.0 (compatible; SemrushBot/7~bl; +http://www.semrush.com/bot.html)"
85.208.96.193 - - [13/Dec/2025:11:36:15 +0300] "GET /410013743.phtml HTTP/1.1" 500 20 "-" "Mozilla/5.0 (compatible; SemrushBot/7~bl; +http://www.semrush.com/bot.html)"
74.7.242.5 - - [13/Dec/2025:11:36:34 +0300] "GET /667330418.phtml HTTP/2" 500 20 "-" "Mozilla/5.0 AppleWebKit/537.36 (KHTML, like Gecko; compatible; GPTBot/1.3; +https://openai.com/gptbot)"
57.141.0.66 - - [13/Dec/2025:11:36:51 +0300] "GET /292116341.shtml HTTP/2" 500 0 "-" "meta-externalagent/1.1 (+https://developers.facebook.com/docs/sharing/webmasters/crawler)"
74.7.242.5 - - [13/Dec/2025:11:37:30 +0300] "GET /647169893.phtml HTTP/2" 500 20 "-" "Mozilla/5.0 AppleWebKit/537.36 (KHTML, like Gecko; compatible; GPTBot/1.3; +https://openai.com/gptbot)"
40.77.167.25 - - [13/Dec/2025:11:38:28 +0300] "GET /117607475.phtml HTTP/2" 200 25709 "-" "Mozilla/5.0 AppleWebKit/537.36 (KHTML, like Gecko; compatible; bingbot/2.0; +http://www.bing.com/bingbot.htm) Chrome/116.0.1938.76 Safari/537.36"
66.249.66.160 - - [13/Dec/2025:11:38:41 +0300] "GET /47692553.phtml HTTP/1.1" 200 28459 "-" "Mozilla/5.0 (Linux; Android 6.0.1; Nexus 5X Build/MMB29P) AppleWebKit/537.36 (KHTML, like Gecko) Chrome/141.0.7390.122 Mobile Safari/537.36 (compatible; Googlebot/2.1; +http://www.google.com/bot.html)"
85.208.96.200 - - [13/Dec/2025:11:39:18 +0300] "GET /551820716.phtml HTTP/1.1" 500 20 "-" "Mozilla/5.0 (compatible; SemrushBot/7~bl; +http://www.semrush.com/bot.html)"
185.191.171.16 - - [13/Dec/2025:11:39:19 +0300] "GET /robots.txt HTTP/1.1" 200 147 "-" "Mozilla/5.0 (compatible; SemrushBot/7~bl; +http://www.semrush.com/bot.html)"
66.249.66.5 - - [13/Dec/2025:11:39:55 +0300] "GET /34177436.phtml HTTP/1.1" 200 28674 "-" "Mozilla/5.0 (Linux; Android 6.0.1; Nexus 5X Build/MMB29P) AppleWebKit/537.36 (KHTML, like Gecko) Chrome/141.0.7390.122 Mobile Safari/537.36 (compatible; Googlebot/2.1; +http://www.google.com/bot.html)"
40.77.167.25 - - [13/Dec/2025:11:40:09 +0300] "GET /671324870.phtml HTTP/2" 200 27601 "-" "Mozilla/5.0 AppleWebKit/537.36 (KHTML, like Gecko; compatible; bingbot/2.0; +http://www.bing.com/bingbot.htm) Chrome/116.0.1938.76 Safari/537.36"
85.208.96.202 - - [13/Dec/2025:11:40:19 +0300] "GET /175836800.phtml HTTP/1.1" 500 20 "-" "Mozilla/5.0 (compatible; SemrushBot/7~bl; +http://www.semrush.com/bot.html)"
40.77.167.247 - - [13/Dec/2025:11:41:10 +0300] "GET /89397755.phtml HTTP/2" 200 25996 "-" "Mozilla/5.0 AppleWebKit/537.36 (KHTML, like Gecko; compatible; bingbot/2.0; +http://www.bing.com/bingbot.htm) Chrome/116.0.1938.76 Safari/537.36"
85.208.96.203 - - [13/Dec/2025:11:41:20 +0300] "GET /466450739.phtml HTTP/1.1" 500 20 "-" "Mozilla/5.0 (compatible; SemrushBot/7~bl; +http://www.semrush.com/bot.html)"
74.7.242.5 - - [13/Dec/2025:11:41:43 +0300] "GET /154375283.phtml HTTP/2" 500 20 "-" "Mozilla/5.0 AppleWebKit/537.36 (KHTML, like Gecko; compatible; GPTBot/1.3; +https://openai.com/gptbot)"
66.249.66.68 - - [13/Dec/2025:11:39:41 +0300] "GET /316422014.phtml HTTP/1.1" 200 25717 "-" "Mozilla/5.0 (Linux; Android 6.0.1; Nexus 5X Build/MMB29P) AppleWebKit/537.36 (KHTML, like Gecko) Chrome/141.0.7390.122 Mobile Safari/537.36 (compatible; Googlebot/2.1; +http://www.google.com/bot.html)"
208.110.64.178 - - [13/Dec/2025:11:39:47 +0300] "GET /wp-includes/im9c5db8/edit.php HTTP/1.1" 500 20 "https://survivorshoes.com/wp-includes/im9c5db8/edit.php" "Mozilla/5.0 (Windows NT 10.0; Win64; x64) AppleWebKit/537.36 (KHTML, like Gecko) Chrome/58.0.3029.110 Safari/537.3"
208.110.64.178 - - [13/Dec/2025:11:39:47 +0300] "GET /wp-includes/im9c5db8/edit.php HTTP/1.1" 500 20 "https://survivorshoes.com/wp-includes/im9c5db8/edit.php" "Mozilla/5.0 (Windows NT 10.0; Win64; x64) AppleWebKit/537.36 (KHTML, like Gecko) Chrome/58.0.3029.110 Safari/537.3"
52.167.144.139 - - [13/Dec/2025:11:40:13 +0300] "GET /392168762.phtml HTTP/2" 200 25199 "-" "Mozilla/5.0 AppleWebKit/537.36 (KHTML, like Gecko; compatible; bingbot/2.0; +http://www.bing.com/bingbot.htm) Chrome/116.0.1938.76 Safari/537.36"
52.167.144.145 - - [13/Dec/2025:11:41:25 +0300] "GET /560540504.phtml HTTP/2" 200 26171 "-" "Mozilla/5.0 AppleWebKit/537.36 (KHTML, like Gecko; compatible; bingbot/2.0; +http://www.bing.com/bingbot.htm) Chrome/116.0.1938.76 Safari/537.36"
57.141.0.20 - - [13/Dec/2025:11:41:53 +0300] "GET /133335641.shtml HTTP/2" 500 0 "-" "meta-externalagent/1.1 (+https://developers.facebook.com/docs/sharing/webmasters/crawler)"
40.77.167.247 - - [13/Dec/2025:11:42:11 +0300] "GET /562465658.phtml HTTP/2" 200 26543 "-" "Mozilla/5.0 AppleWebKit/537.36 (KHTML, like Gecko; compatible; bingbot/2.0; +http://www.bing.com/bingbot.htm) Chrome/116.0.1938.76 Safari/537.36"
185.191.171.2 - - [13/Dec/2025:11:42:21 +0300] "GET /12045326.phtml HTTP/1.1" 500 20 "-" "Mozilla/5.0 (compatible; SemrushBot/7~bl; +http://www.semrush.com/bot.html)"
52.167.144.139 - - [13/Dec/2025:11:42:43 +0300] "GET /144609065.phtml HTTP/2" 200 26357 "-" "Mozilla/5.0 AppleWebKit/537.36 (KHTML, like Gecko; compatible; bingbot/2.0; +http://www.bing.com/bingbot.htm) Chrome/116.0.1938.76 Safari/537.36"
74.7.242.5 - - [13/Dec/2025:11:42:48 +0300] "GET /159569780.phtml HTTP/2" 500 20 "-" "Mozilla/5.0 AppleWebKit/537.36 (KHTML, like Gecko; compatible; GPTBot/1.3; +https://openai.com/gptbot)"
52.167.144.139 - - [13/Dec/2025:11:43:01 +0300] "GET /246264311.phtml HTTP/2" 200 25796 "-" "Mozilla/5.0 AppleWebKit/537.36 (KHTML, like Gecko; compatible; bingbot/2.0; +http://www.bing.com/bingbot.htm) Chrome/116.0.1938.76 Safari/537.36"
52.167.144.139 - - [13/Dec/2025:11:43:03 +0300] "GET /261897236.phtml HTTP/2" 200 28147 "-" "Mozilla/5.0 AppleWebKit/537.36 (KHTML, like Gecko; compatible; bingbot/2.0; +http://www.bing.com/bingbot.htm) Chrome/116.0.1938.76 Safari/537.36"
52.167.144.139 - - [13/Dec/2025:11:43:04 +0300] "GET /337014740.phtml HTTP/2" 200 26012 "-" "Mozilla/5.0 AppleWebKit/537.36 (KHTML, like Gecko; compatible; bingbot/2.0; +http://www.bing.com/bingbot.htm) Chrome/116.0.1938.76 Safari/537.36"
52.167.144.139 - - [13/Dec/2025:11:43:05 +0300] "GET /692678279.phtml HTTP/2" 200 25949 "-" "Mozilla/5.0 AppleWebKit/537.36 (KHTML, like Gecko; compatible; bingbot/2.0; +http://www.bing.com/bingbot.htm) Chrome/116.0.1938.76 Safari/537.36"
185.191.171.3 - - [13/Dec/2025:11:43:22 +0300] "GET /651125075.phtml HTTP/1.1" 500 20 "-" "Mozilla/5.0 (compatible; SemrushBot/7~bl; +http://www.semrush.com/bot.html)"
52.167.144.145 - - [13/Dec/2025:11:43:55 +0300] "GET /427643894.phtml HTTP/2" 200 25845 "-" "Mozilla/5.0 AppleWebKit/537.36 (KHTML, like Gecko; compatible; bingbot/2.0; +http://www.bing.com/bingbot.htm) Chrome/116.0.1938.76 Safari/537.36"
52.167.144.145 - - [13/Dec/2025:11:43:56 +0300] "GET /512252495.phtml HTTP/2" 200 26893 "-" "Mozilla/5.0 AppleWebKit/537.36 (KHTML, like Gecko; compatible; bingbot/2.0; +http://www.bing.com/bingbot.htm) Chrome/116.0.1938.76 Safari/537.36"
52.167.144.139 - - [13/Dec/2025:11:42:15 +0300] "GET /223767452.phtml HTTP/2" 200 26546 "-" "Mozilla/5.0 AppleWebKit/537.36 (KHTML, like Gecko; compatible; bingbot/2.0; +http://www.bing.com/bingbot.htm) Chrome/116.0.1938.76 Safari/537.36"
52.167.144.139 - - [13/Dec/2025:11:42:16 +0300] "GET /685798406.phtml HTTP/2" 200 26604 "-" "Mozilla/5.0 AppleWebKit/537.36 (KHTML, like Gecko; compatible; bingbot/2.0; +http://www.bing.com/bingbot.htm) Chrome/116.0.1938.76 Safari/537.36"
40.77.167.247 - - [13/Dec/2025:11:43:11 +0300] "GET /323414153.phtml HTTP/2" 200 27319 "-" "Mozilla/5.0 AppleWebKit/537.36 (KHTML, like Gecko; compatible; bingbot/2.0; +http://www.bing.com/bingbot.htm) Chrome/116.0.1938.76 Safari/537.36"
57.141.0.22 - - [13/Dec/2025:11:43:54 +0300] "GET /230040719.phtml HTTP/2" 500 0 "-" "meta-externalagent/1.1 (+https://developers.facebook.com/docs/sharing/webmasters/crawler)"
52.167.144.145 - - [13/Dec/2025:11:44:15 +0300] "GET /442600451.phtml HTTP/2" 200 28917 "-" "Mozilla/5.0 AppleWebKit/537.36 (KHTML, like Gecko; compatible; bingbot/2.0; +http://www.bing.com/bingbot.htm) Chrome/116.0.1938.76 Safari/537.36"
52.167.144.145 - - [13/Dec/2025:11:44:16 +0300] "GET /371048432.phtml HTTP/2" 200 27145 "-" "Mozilla/5.0 AppleWebKit/537.36 (KHTML, like Gecko; compatible; bingbot/2.0; +http://www.bing.com/bingbot.htm) Chrome/116.0.1938.76 Safari/537.36"
52.167.144.145 - - [13/Dec/2025:11:44:17 +0300] "GET /394561691.phtml HTTP/2" 200 25519 "-" "Mozilla/5.0 AppleWebKit/537.36 (KHTML, like Gecko; compatible; bingbot/2.0; +http://www.bing.com/bingbot.htm) Chrome/116.0.1938.76 Safari/537.36"
66.249.66.69 - - [13/Dec/2025:11:44:18 +0300] "GET /7927751.phtml HTTP/1.1" 200 28938 "-" "Mozilla/5.0 (Linux; Android 6.0.1; Nexus 5X Build/MMB29P) AppleWebKit/537.36 (KHTML, like Gecko) Chrome/141.0.7390.122 Mobile Safari/537.36 (compatible; Googlebot/2.1; +http://www.google.com/bot.html)"
85.208.96.195 - - [13/Dec/2025:11:44:23 +0300] "GET /535809182.phtml HTTP/1.1" 500 20 "-" "Mozilla/5.0 (compatible; SemrushBot/7~bl; +http://www.semrush.com/bot.html)"
66.249.66.169 - - [13/Dec/2025:11:44:41 +0300] "GET /598623857.phtml HTTP/1.1" 200 26498 "-" "Mozilla/5.0 (Linux; Android 6.0.1; Nexus 5X Build/MMB29P) AppleWebKit/537.36 (KHTML, like Gecko) Chrome/141.0.7390.122 Mobile Safari/537.36 (compatible; Googlebot/2.1; +http://www.google.com/bot.html)"
57.141.0.15 - - [13/Dec/2025:11:45:01 +0300] "GET /663441302.phtml HTTP/2" 500 0 "-" "meta-externalagent/1.1 (+https://developers.facebook.com/docs/sharing/webmasters/crawler)"
52.167.144.139 - - [13/Dec/2025:11:45:13 +0300] "GET /644791055.phtml HTTP/2" 200 26787 "-" "Mozilla/5.0 AppleWebKit/537.36 (KHTML, like Gecko; compatible; bingbot/2.0; +http://www.bing.com/bingbot.htm) Chrome/116.0.1938.76 Safari/537.36"
66.249.66.6 - - [13/Dec/2025:11:45:14 +0300] "GET /483425081.phtml HTTP/1.1" 200 26831 "-" "Mozilla/5.0 (Linux; Android 6.0.1; Nexus 5X Build/MMB29P) AppleWebKit/537.36 (KHTML, like Gecko) Chrome/141.0.7390.122 Mobile Safari/537.36 (compatible; Googlebot/2.1; +http://www.google.com/bot.html)"
52.167.144.139 - - [13/Dec/2025:11:45:14 +0300] "GET /458752202.phtml HTTP/2" 200 27378 "-" "Mozilla/5.0 AppleWebKit/537.36 (KHTML, like Gecko; compatible; bingbot/2.0; +http://www.bing.com/bingbot.htm) Chrome/116.0.1938.76 Safari/537.36"
66.249.66.41 - - [13/Dec/2025:11:45:20 +0300] "GET /88018685.phtml HTTP/1.1" 200 26482 "-" "Mozilla/5.0 (Linux; Android 6.0.1; Nexus 5X Build/MMB29P) AppleWebKit/537.36 (KHTML, like Gecko) Chrome/141.0.7390.122 Mobile Safari/537.36 (compatible; Googlebot/2.1; +http://www.google.com/bot.html)"
40.77.167.247 - - [13/Dec/2025:11:45:23 +0300] "GET /199249805.phtml HTTP/2" 200 27738 "-" "Mozilla/5.0 AppleWebKit/537.36 (KHTML, like Gecko; compatible; bingbot/2.0; +http://www.bing.com/bingbot.htm) Chrome/116.0.1938.76 Safari/537.36"
85.208.96.210 - - [13/Dec/2025:11:45:25 +0300] "GET /269854493.phtml HTTP/1.1" 500 20 "-" "Mozilla/5.0 (compatible; SemrushBot/7~bl; +http://www.semrush.com/bot.html)"
66.249.66.202 - - [13/Dec/2025:11:44:20 +0300] "GET /399902873.phtml HTTP/1.1" 200 27607 "-" "Mozilla/5.0 (Linux; Android 6.0.1; Nexus 5X Build/MMB29P) AppleWebKit/537.36 (KHTML, like Gecko) Chrome/141.0.7390.122 Mobile Safari/537.36 (compatible; Googlebot/2.1; +http://www.google.com/bot.html)"
66.249.66.6 - - [13/Dec/2025:11:44:26 +0300] "GET /92920505.phtml HTTP/1.1" 200 25352 "-" "Mozilla/5.0 (Linux; Android 6.0.1; Nexus 5X Build/MMB29P) AppleWebKit/537.36 (KHTML, like Gecko) Chrome/141.0.7390.122 Mobile Safari/537.36 (compatible; Googlebot/2.1; +http://www.google.com/bot.html)"
66.249.66.5 - - [13/Dec/2025:11:44:31 +0300] "GET /646606946.phtml HTTP/1.1" 200 26093 "-" "Mozilla/5.0 (Linux; Android 6.0.1; Nexus 5X Build/MMB29P) AppleWebKit/537.36 (KHTML, like Gecko) Chrome/141.0.7390.122 Mobile Safari/537.36 (compatible; Googlebot/2.1; +http://www.google.com/bot.html)"
52.167.144.139 - - [13/Dec/2025:11:44:33 +0300] "GET /686474081.phtml HTTP/2" 200 26323 "-" "Mozilla/5.0 AppleWebKit/537.36 (KHTML, like Gecko; compatible; bingbot/2.0; +http://www.bing.com/bingbot.htm) Chrome/116.0.1938.76 Safari/537.36"
40.77.167.247 - - [13/Dec/2025:11:44:41 +0300] "GET /493073720.phtml HTTP/2" 200 26673 "-" "Mozilla/5.0 AppleWebKit/537.36 (KHTML, like Gecko; compatible; bingbot/2.0; +http://www.bing.com/bingbot.htm) Chrome/116.0.1938.76 Safari/537.36"
66.249.66.169 - - [13/Dec/2025:11:44:48 +0300] "GET /220402937.phtml HTTP/1.1" 200 25669 "-" "Mozilla/5.0 (Linux; Android 6.0.1; Nexus 5X Build/MMB29P) AppleWebKit/537.36 (KHTML, like Gecko) Chrome/141.0.7390.122 Mobile Safari/537.36 (compatible; Googlebot/2.1; +http://www.google.com/bot.html)"
74.7.242.5 - - [13/Dec/2025:11:44:56 +0300] "GET /301284815.phtml HTTP/2" 500 20 "-" "Mozilla/5.0 AppleWebKit/537.36 (KHTML, like Gecko; compatible; GPTBot/1.3; +https://openai.com/gptbot)"
66.249.66.68 - - [13/Dec/2025:11:44:58 +0300] "GET /75975962.phtml HTTP/1.1" 200 25392 "-" "Mozilla/5.0 (Linux; Android 6.0.1; Nexus 5X Build/MMB29P) AppleWebKit/537.36 (KHTML, like Gecko) Chrome/141.0.7390.122 Mobile Safari/537.36 (compatible; Googlebot/2.1; +http://www.google.com/bot.html)"
66.249.66.7 - - [13/Dec/2025:11:45:07 +0300] "GET /503496440.phtml HTTP/1.1" 200 26240 "-" "Mozilla/5.0 (Linux; Android 6.0.1; Nexus 5X Build/MMB29P) AppleWebKit/537.36 (KHTML, like Gecko) Chrome/141.0.7390.122 Mobile Safari/537.36 (compatible; Googlebot/2.1; +http://www.google.com/bot.html)"
74.7.242.5 - - [13/Dec/2025:11:45:57 +0300] "GET /365364908.phtml HTTP/2" 500 20 "-" "Mozilla/5.0 AppleWebKit/537.36 (KHTML, like Gecko; compatible; GPTBot/1.3; +https://openai.com/gptbot)"
52.167.144.139 - - [13/Dec/2025:11:46:22 +0300] "GET /585116825.phtml HTTP/2" 200 27306 "-" "Mozilla/5.0 AppleWebKit/537.36 (KHTML, like Gecko; compatible; bingbot/2.0; +http://www.bing.com/bingbot.htm) Chrome/116.0.1938.76 Safari/537.36"
185.191.171.16 - - [13/Dec/2025:11:46:26 +0300] "GET /91010366.phtml HTTP/1.1" 500 20 "-" "Mozilla/5.0 (compatible; SemrushBot/7~bl; +http://www.semrush.com/bot.html)"
40.77.167.247 - - [13/Dec/2025:11:47:10 +0300] "GET /612306449.phtml HTTP/2" 200 26367 "-" "Mozilla/5.0 AppleWebKit/537.36 (KHTML, like Gecko; compatible; bingbot/2.0; +http://www.bing.com/bingbot.htm) Chrome/116.0.1938.76 Safari/537.36"
85.208.96.210 - - [13/Dec/2025:11:47:27 +0300] "GET /535217360.phtml HTTP/1.1" 500 20 "-" "Mozilla/5.0 (compatible; SemrushBot/7~bl; +http://www.semrush.com/bot.html)"
74.7.242.5 - - [13/Dec/2025:11:48:06 +0300] "GET /255101678.phtml HTTP/2" 500 20 "-" "Mozilla/5.0 AppleWebKit/537.36 (KHTML, like Gecko; compatible; GPTBot/1.3; +https://openai.com/gptbot)"
185.191.171.10 - - [13/Dec/2025:11:50:30 +0300] "GET /212963582.phtml HTTP/1.1" 500 20 "-" "Mozilla/5.0 (compatible; SemrushBot/7~bl; +http://www.semrush.com/bot.html)"
52.167.144.167 - - [13/Dec/2025:11:51:13 +0300] "GET /195879977.phtml HTTP/2" 200 26490 "-" "Mozilla/5.0 AppleWebKit/537.36 (KHTML, like Gecko; compatible; bingbot/2.0; +http://www.bing.com/bingbot.htm) Chrome/116.0.1938.76 Safari/537.36"
40.77.167.247 - - [13/Dec/2025:11:46:00 +0300] "GET /641357702.phtml HTTP/2" 200 27431 "-" "Mozilla/5.0 AppleWebKit/537.36 (KHTML, like Gecko; compatible; bingbot/2.0; +http://www.bing.com/bingbot.htm) Chrome/116.0.1938.76 Safari/537.36"
74.7.242.5 - - [13/Dec/2025:11:47:02 +0300] "GET /579347831.phtml HTTP/2" 500 20 "-" "Mozilla/5.0 AppleWebKit/537.36 (KHTML, like Gecko; compatible; GPTBot/1.3; +https://openai.com/gptbot)"
52.167.144.219 - - [13/Dec/2025:11:47:05 +0300] "GET /332097212.phtml HTTP/2" 200 26605 "-" "Mozilla/5.0 AppleWebKit/537.36 (KHTML, like Gecko; compatible; bingbot/2.0; +http://www.bing.com/bingbot.htm) Chrome/116.0.1938.76 Safari/537.36"
40.77.167.247 - - [13/Dec/2025:11:48:11 +0300] "GET /192746693.phtml HTTP/2" 200 25931 "-" "Mozilla/5.0 AppleWebKit/537.36 (KHTML, like Gecko; compatible; bingbot/2.0; +http://www.bing.com/bingbot.htm) Chrome/116.0.1938.76 Safari/537.36"
185.191.171.16 - - [13/Dec/2025:11:48:28 +0300] "GET /176443868.phtml HTTP/1.1" 500 20 "-" "Mozilla/5.0 (compatible; SemrushBot/7~bl; +http://www.semrush.com/bot.html)"
52.167.144.139 - - [13/Dec/2025:11:48:42 +0300] "GET /7913429.phtml HTTP/2" 200 26641 "-" "Mozilla/5.0 AppleWebKit/537.36 (KHTML, like Gecko; compatible; bingbot/2.0; +http://www.bing.com/bingbot.htm) Chrome/116.0.1938.76 Safari/537.36"
52.167.144.139 - - [13/Dec/2025:11:48:43 +0300] "GET /416149565.phtml HTTP/2" 200 25877 "-" "Mozilla/5.0 AppleWebKit/537.36 (KHTML, like Gecko; compatible; bingbot/2.0; +http://www.bing.com/bingbot.htm) Chrome/116.0.1938.76 Safari/537.36"
52.167.144.139 - - [13/Dec/2025:11:48:47 +0300] "GET /557036696.phtml HTTP/2" 200 26008 "-" "Mozilla/5.0 AppleWebKit/537.36 (KHTML, like Gecko; compatible; bingbot/2.0; +http://www.bing.com/bingbot.htm) Chrome/116.0.1938.76 Safari/537.36"
74.7.242.5 - - [13/Dec/2025:11:49:09 +0300] "GET /621248459.phtml HTTP/2" 500 20 "-" "Mozilla/5.0 AppleWebKit/537.36 (KHTML, like Gecko; compatible; GPTBot/1.3; +https://openai.com/gptbot)"
185.191.171.17 - - [13/Dec/2025:11:49:29 +0300] "GET /80054960.phtml HTTP/1.1" 500 20 "-" "Mozilla/5.0 (compatible; SemrushBot/7~bl; +http://www.semrush.com/bot.html)"
52.167.144.167 - - [13/Dec/2025:11:49:33 +0300] "GET /584584139.phtml HTTP/2" 200 26339 "-" "Mozilla/5.0 AppleWebKit/537.36 (KHTML, like Gecko; compatible; bingbot/2.0; +http://www.bing.com/bingbot.htm) Chrome/116.0.1938.76 Safari/537.36"
40.77.167.247 - - [13/Dec/2025:11:50:12 +0300] "GET /32590466.phtml HTTP/2" 200 25920 "-" "Mozilla/5.0 AppleWebKit/537.36 (KHTML, like Gecko; compatible; bingbot/2.0; +http://www.bing.com/bingbot.htm) Chrome/116.0.1938.76 Safari/537.36"
52.167.144.167 - - [13/Dec/2025:11:50:49 +0300] "GET /153144284.phtml HTTP/2" 200 27439 "-" "Mozilla/5.0 AppleWebKit/537.36 (KHTML, like Gecko; compatible; bingbot/2.0; +http://www.bing.com/bingbot.htm) Chrome/116.0.1938.76 Safari/537.36"
57.141.0.51 - - [13/Dec/2025:11:51:06 +0300] "GET /437145191.shtml HTTP/2" 500 0 "-" "meta-externalagent/1.1 (+https://developers.facebook.com/docs/sharing/webmasters/crawler)"
74.7.242.5 - - [13/Dec/2025:11:51:16 +0300] "GET /603765224.phtml HTTP/2" 500 20 "-" "Mozilla/5.0 AppleWebKit/537.36 (KHTML, like Gecko; compatible; GPTBot/1.3; +https://openai.com/gptbot)"
85.208.96.210 - - [13/Dec/2025:11:51:32 +0300] "GET /315801548.phtml HTTP/1.1" 500 20 "-" "Mozilla/5.0 (compatible; SemrushBot/7~bl; +http://www.semrush.com/bot.html)"
52.167.144.219 - - [13/Dec/2025:11:51:36 +0300] "GET /107158652.phtml HTTP/2" 200 25541 "-" "Mozilla/5.0 AppleWebKit/537.36 (KHTML, like Gecko; compatible; bingbot/2.0; +http://www.bing.com/bingbot.htm) Chrome/116.0.1938.76 Safari/537.36"
52.167.144.167 - - [13/Dec/2025:11:53:14 +0300] "GET /521478866.phtml HTTP/2" 200 26305 "-" "Mozilla/5.0 AppleWebKit/537.36 (KHTML, like Gecko; compatible; bingbot/2.0; +http://www.bing.com/bingbot.htm) Chrome/116.0.1938.76 Safari/537.36"
57.141.0.36 - - [13/Dec/2025:11:53:41 +0300] "GET /192744341.shtml HTTP/2" 500 0 "-" "meta-externalagent/1.1 (+https://developers.facebook.com/docs/sharing/webmasters/crawler)"
74.7.242.5 - - [13/Dec/2025:11:52:21 +0300] "GET /521668748.phtml HTTP/2" 500 20 "-" "Mozilla/5.0 AppleWebKit/537.36 (KHTML, like Gecko; compatible; GPTBot/1.3; +https://openai.com/gptbot)"
85.208.96.199 - - [13/Dec/2025:11:52:33 +0300] "GET /42465947.phtml HTTP/1.1" 500 20 "-" "Mozilla/5.0 (compatible; SemrushBot/7~bl; +http://www.semrush.com/bot.html)"
52.167.144.219 - - [13/Dec/2025:11:52:34 +0300] "GET /574957214.phtml HTTP/2" 200 26983 "-" "Mozilla/5.0 AppleWebKit/537.36 (KHTML, like Gecko; compatible; bingbot/2.0; +http://www.bing.com/bingbot.htm) Chrome/116.0.1938.76 Safari/537.36"
52.167.144.167 - - [13/Dec/2025:11:52:42 +0300] "GET /172099682.phtml HTTP/2" 200 27209 "-" "Mozilla/5.0 AppleWebKit/537.36 (KHTML, like Gecko; compatible; bingbot/2.0; +http://www.bing.com/bingbot.htm) Chrome/116.0.1938.76 Safari/537.36"
52.167.144.219 - - [13/Dec/2025:11:53:25 +0300] "GET /16681727.phtml HTTP/2" 200 30013 "-" "Mozilla/5.0 AppleWebKit/537.36 (KHTML, like Gecko; compatible; bingbot/2.0; +http://www.bing.com/bingbot.htm) Chrome/116.0.1938.76 Safari/537.36"
85.208.96.200 - - [13/Dec/2025:11:53:34 +0300] "GET /505397339.phtml HTTP/1.1" 500 20 "-" "Mozilla/5.0 (compatible; SemrushBot/7~bl; +http://www.semrush.com/bot.html)"
49.43.161.113 - - [13/Dec/2025:11:53:42 +0300] "POST /xmlrpc.php HTTP/1.1" 500 0 "-" "Mozilla/5.0 (Linux; Android 10; x86) AppleWebKit/537.36 (KHTML, like Gecko) Firefox/74.0.0.0 Safari/537.36"
52.167.144.219 - - [13/Dec/2025:11:54:21 +0300] "GET /63121274.phtml HTTP/2" 200 27740 "-" "Mozilla/5.0 AppleWebKit/537.36 (KHTML, like Gecko; compatible; bingbot/2.0; +http://www.bing.com/bingbot.htm) Chrome/116.0.1938.76 Safari/537.36"
52.167.144.219 - - [13/Dec/2025:11:54:24 +0300] "GET /254110919.phtml HTTP/2" 200 26803 "-" "Mozilla/5.0 AppleWebKit/537.36 (KHTML, like Gecko; compatible; bingbot/2.0; +http://www.bing.com/bingbot.htm) Chrome/116.0.1938.76 Safari/537.36"
52.167.144.219 - - [13/Dec/2025:11:54:25 +0300] "GET /552313208.phtml HTTP/2" 200 27045 "-" "Mozilla/5.0 AppleWebKit/537.36 (KHTML, like Gecko; compatible; bingbot/2.0; +http://www.bing.com/bingbot.htm) Chrome/116.0.1938.76 Safari/537.36"
74.7.242.5 - - [13/Dec/2025:11:54:27 +0300] "GET /675649190.phtml HTTP/2" 500 20 "-" "Mozilla/5.0 AppleWebKit/537.36 (KHTML, like Gecko; compatible; GPTBot/1.3; +https://openai.com/gptbot)"
40.77.167.123 - - [13/Dec/2025:11:54:32 +0300] "GET /428133152.phtml HTTP/2" 200 26208 "-" "Mozilla/5.0 AppleWebKit/537.36 (KHTML, like Gecko; compatible; bingbot/2.0; +http://www.bing.com/bingbot.htm) Chrome/116.0.1938.76 Safari/537.36"
52.167.144.58 - - [13/Dec/2025:11:54:45 +0300] "GET /robots.txt HTTP/2" 200 147 "-" "Mozilla/5.0 AppleWebKit/537.36 (KHTML, like Gecko; compatible; bingbot/2.0; +http://www.bing.com/bingbot.htm) Chrome/116.0.1938.76 Safari/537.36"
52.167.144.219 - - [13/Dec/2025:11:55:15 +0300] "GET /633247292.phtml HTTP/2" 200 27089 "-" "Mozilla/5.0 AppleWebKit/537.36 (KHTML, like Gecko; compatible; bingbot/2.0; +http://www.bing.com/bingbot.htm) Chrome/116.0.1938.76 Safari/537.36"
52.167.144.219 - - [13/Dec/2025:11:55:26 +0300] "GET /223963109.phtml HTTP/2" 200 27372 "-" "Mozilla/5.0 AppleWebKit/537.36 (KHTML, like Gecko; compatible; bingbot/2.0; +http://www.bing.com/bingbot.htm) Chrome/116.0.1938.76 Safari/537.36"
52.167.144.167 - - [13/Dec/2025:11:56:34 +0300] "GET /441227387.phtml HTTP/2" 200 26860 "-" "Mozilla/5.0 AppleWebKit/537.36 (KHTML, like Gecko; compatible; bingbot/2.0; +http://www.bing.com/bingbot.htm) Chrome/116.0.1938.76 Safari/537.36"
85.208.96.204 - - [13/Dec/2025:11:56:49 +0300] "GET /587934563.phtml HTTP/1.1" 500 20 "-" "Mozilla/5.0 (compatible; SemrushBot/7~bl; +http://www.semrush.com/bot.html)"
40.77.167.123 - - [13/Dec/2025:11:57:14 +0300] "GET /283060763.phtml HTTP/2" 200 26357 "-" "Mozilla/5.0 AppleWebKit/537.36 (KHTML, like Gecko; compatible; bingbot/2.0; +http://www.bing.com/bingbot.htm) Chrome/116.0.1938.76 Safari/537.36"
204.12.252.98 - - [13/Dec/2025:11:54:01 +0300] "GET /wp-includes/im9c5db8/edit.php HTTP/1.1" 500 20 "https://survivorshoes.com/wp-includes/im9c5db8/edit.php" "Mozilla/5.0 (Windows NT 10.0; Win64; x64) AppleWebKit/537.36 (KHTML, like Gecko) Chrome/58.0.3029.110 Safari/537.3"
204.12.252.98 - - [13/Dec/2025:11:54:02 +0300] "GET /wp-includes/im9c5db8/edit.php HTTP/1.1" 500 20 "https://survivorshoes.com/wp-includes/im9c5db8/edit.php" "Mozilla/5.0 (Windows NT 10.0; Win64; x64) AppleWebKit/537.36 (KHTML, like Gecko) Chrome/58.0.3029.110 Safari/537.3"
185.191.171.3 - - [13/Dec/2025:11:54:35 +0300] "GET /329497076.phtml HTTP/1.1" 500 20 "-" "Mozilla/5.0 (compatible; SemrushBot/7~bl; +http://www.semrush.com/bot.html)"
52.167.144.219 - - [13/Dec/2025:11:54:56 +0300] "GET /118221242.phtml HTTP/2" 200 26377 "-" "Mozilla/5.0 AppleWebKit/537.36 (KHTML, like Gecko; compatible; bingbot/2.0; +http://www.bing.com/bingbot.htm) Chrome/116.0.1938.76 Safari/537.36"
57.141.0.24 - - [13/Dec/2025:11:55:12 +0300] "GET /270630641.shtml HTTP/2" 500 0 "-" "meta-externalagent/1.1 (+https://developers.facebook.com/docs/sharing/webmasters/crawler)"
185.191.171.18 - - [13/Dec/2025:11:55:48 +0300] "GET /75032096.phtml HTTP/1.1" 500 20 "-" "Mozilla/5.0 (compatible; SemrushBot/7~bl; +http://www.semrush.com/bot.html)"
57.141.0.22 - - [13/Dec/2025:11:56:19 +0300] "GET /197085791.shtml HTTP/2" 500 0 "-" "meta-externalagent/1.1 (+https://developers.facebook.com/docs/sharing/webmasters/crawler)"
40.77.167.121 - - [13/Dec/2025:11:56:56 +0300] "GET /449351888.phtml HTTP/2" 200 26015 "-" "Mozilla/5.0 AppleWebKit/537.36 (KHTML, like Gecko; compatible; bingbot/2.0; +http://www.bing.com/bingbot.htm) Chrome/116.0.1938.76 Safari/537.36"
40.77.167.121 - - [13/Dec/2025:11:56:57 +0300] "GET /678426965.phtml HTTP/2" 200 25986 "-" "Mozilla/5.0 AppleWebKit/537.36 (KHTML, like Gecko; compatible; bingbot/2.0; +http://www.bing.com/bingbot.htm) Chrome/116.0.1938.76 Safari/537.36"
52.167.144.167 - - [13/Dec/2025:11:57:18 +0300] "GET /561797837.phtml HTTP/2" 200 26324 "-" "Mozilla/5.0 AppleWebKit/537.36 (KHTML, like Gecko; compatible; bingbot/2.0; +http://www.bing.com/bingbot.htm) Chrome/116.0.1938.76 Safari/537.36"
40.77.167.121 - - [13/Dec/2025:11:57:20 +0300] "GET /166233437.phtml HTTP/2" 200 25681 "-" "Mozilla/5.0 AppleWebKit/537.36 (KHTML, like Gecko; compatible; bingbot/2.0; +http://www.bing.com/bingbot.htm) Chrome/116.0.1938.76 Safari/537.36"
40.77.167.121 - - [13/Dec/2025:11:57:22 +0300] "GET /554363333.phtml HTTP/2" 200 25896 "-" "Mozilla/5.0 AppleWebKit/537.36 (KHTML, like Gecko; compatible; bingbot/2.0; +http://www.bing.com/bingbot.htm) Chrome/116.0.1938.76 Safari/537.36"
40.77.167.123 - - [13/Dec/2025:11:57:44 +0300] "GET /633214259.phtml HTTP/2" 200 25569 "-" "Mozilla/5.0 AppleWebKit/537.36 (KHTML, like Gecko; compatible; bingbot/2.0; +http://www.bing.com/bingbot.htm) Chrome/116.0.1938.76 Safari/537.36"
85.208.96.208 - - [13/Dec/2025:11:57:50 +0300] "GET /516763001.phtml HTTP/1.1" 500 20 "-" "Mozilla/5.0 (compatible; SemrushBot/7~bl; +http://www.semrush.com/bot.html)"
40.77.167.121 - - [13/Dec/2025:11:58:29 +0300] "GET /510798812.phtml HTTP/2" 200 28183 "-" "Mozilla/5.0 AppleWebKit/537.36 (KHTML, like Gecko; compatible; bingbot/2.0; +http://www.bing.com/bingbot.htm) Chrome/116.0.1938.76 Safari/537.36"
74.7.242.5 - - [13/Dec/2025:11:58:36 +0300] "GET /228804176.phtml HTTP/2" 500 20 "-" "Mozilla/5.0 AppleWebKit/537.36 (KHTML, like Gecko; compatible; GPTBot/1.3; +https://openai.com/gptbot)"
52.167.144.167 - - [13/Dec/2025:11:58:48 +0300] "GET /402114236.phtml HTTP/2" 200 27173 "-" "Mozilla/5.0 AppleWebKit/537.36 (KHTML, like Gecko; compatible; bingbot/2.0; +http://www.bing.com/bingbot.htm) Chrome/116.0.1938.76 Safari/537.36"
40.77.167.123 - - [13/Dec/2025:11:58:54 +0300] "GET /593507900.phtml HTTP/2" 200 25927 "-" "Mozilla/5.0 AppleWebKit/537.36 (KHTML, like Gecko; compatible; bingbot/2.0; +http://www.bing.com/bingbot.htm) Chrome/116.0.1938.76 Safari/537.36"
40.77.167.123 - - [13/Dec/2025:12:00:12 +0300] "GET /692854070.phtml HTTP/2" 200 26279 "-" "Mozilla/5.0 AppleWebKit/537.36 (KHTML, like Gecko; compatible; bingbot/2.0; +http://www.bing.com/bingbot.htm) Chrome/116.0.1938.76 Safari/537.36"
52.167.144.167 - - [13/Dec/2025:12:00:28 +0300] "GET /240286031.phtml HTTP/2" 200 28797 "-" "Mozilla/5.0 AppleWebKit/537.36 (KHTML, like Gecko; compatible; bingbot/2.0; +http://www.bing.com/bingbot.htm) Chrome/116.0.1938.76 Safari/537.36"
74.7.242.5 - - [13/Dec/2025:12:00:41 +0300] "GET /184582460.phtml HTTP/2" 500 20 "-" "Mozilla/5.0 AppleWebKit/537.36 (KHTML, like Gecko; compatible; GPTBot/1.3; +https://openai.com/gptbot)"
85.208.96.194 - - [13/Dec/2025:12:01:00 +0300] "GET /110744003.phtml HTTP/1.1" 500 20 "-" "Mozilla/5.0 (compatible; SemrushBot/7~bl; +http://www.semrush.com/bot.html)"
52.167.144.142 - - [13/Dec/2025:12:01:04 +0300] "GET /91151507.phtml HTTP/2" 200 26821 "-" "Mozilla/5.0 AppleWebKit/537.36 (KHTML, like Gecko; compatible; bingbot/2.0; +http://www.bing.com/bingbot.htm) Chrome/116.0.1938.76 Safari/537.36"
40.77.167.123 - - [13/Dec/2025:12:01:25 +0300] "GET /651838172.phtml HTTP/2" 200 25550 "-" "Mozilla/5.0 AppleWebKit/537.36 (KHTML, like Gecko; compatible; bingbot/2.0; +http://www.bing.com/bingbot.htm) Chrome/116.0.1938.76 Safari/537.36"
40.77.167.123 - - [13/Dec/2025:12:01:26 +0300] "GET /588119132.phtml HTTP/2" 200 27517 "-" "Mozilla/5.0 AppleWebKit/537.36 (KHTML, like Gecko; compatible; bingbot/2.0; +http://www.bing.com/bingbot.htm) Chrome/116.0.1938.76 Safari/537.36"
74.7.242.5 - - [13/Dec/2025:12:01:43 +0300] "GET /126859718.phtml HTTP/2" 500 20 "-" "Mozilla/5.0 AppleWebKit/537.36 (KHTML, like Gecko; compatible; GPTBot/1.3; +https://openai.com/gptbot)"
40.77.167.123 - - [13/Dec/2025:12:01:45 +0300] "GET /668766314.phtml HTTP/2" 200 28235 "-" "Mozilla/5.0 AppleWebKit/537.36 (KHTML, like Gecko; compatible; bingbot/2.0; +http://www.bing.com/bingbot.htm) Chrome/116.0.1938.76 Safari/537.36"
40.77.167.121 - - [13/Dec/2025:12:02:12 +0300] "GET /1611749.phtml HTTP/2" 200 26739 "-" "Mozilla/5.0 AppleWebKit/537.36 (KHTML, like Gecko; compatible; bingbot/2.0; +http://www.bing.com/bingbot.htm) Chrome/116.0.1938.76 Safari/537.36"
40.77.167.123 - - [13/Dec/2025:12:02:17 +0300] "GET /593497505.phtml HTTP/2" 200 25927 "-" "Mozilla/5.0 AppleWebKit/537.36 (KHTML, like Gecko; compatible; bingbot/2.0; +http://www.bing.com/bingbot.htm) Chrome/116.0.1938.76 Safari/537.36"
40.77.167.247 - - [13/Dec/2025:12:02:55 +0300] "GET /341733377.phtml HTTP/2" 200 26051 "-" "Mozilla/5.0 AppleWebKit/537.36 (KHTML, like Gecko; compatible; bingbot/2.0; +http://www.bing.com/bingbot.htm) Chrome/116.0.1938.76 Safari/537.36"
185.191.171.10 - - [13/Dec/2025:12:03:03 +0300] "GET /414732380.phtml HTTP/1.1" 500 20 "-" "Mozilla/5.0 (compatible; SemrushBot/7~bl; +http://www.semrush.com/bot.html)"
40.77.167.247 - - [13/Dec/2025:12:03:24 +0300] "GET /393768437.phtml HTTP/2" 200 26405 "-" "Mozilla/5.0 AppleWebKit/537.36 (KHTML, like Gecko; compatible; bingbot/2.0; +http://www.bing.com/bingbot.htm) Chrome/116.0.1938.76 Safari/537.36"
40.77.167.123 - - [13/Dec/2025:11:59:14 +0300] "GET /147658496.phtml HTTP/2" 200 26374 "-" "Mozilla/5.0 AppleWebKit/537.36 (KHTML, like Gecko; compatible; bingbot/2.0; +http://www.bing.com/bingbot.htm) Chrome/116.0.1938.76 Safari/537.36"
40.77.167.123 - - [13/Dec/2025:11:59:35 +0300] "GET /590701250.phtml HTTP/2" 200 25722 "-" "Mozilla/5.0 AppleWebKit/537.36 (KHTML, like Gecko; compatible; bingbot/2.0; +http://www.bing.com/bingbot.htm) Chrome/116.0.1938.76 Safari/537.36"
74.7.242.5 - - [13/Dec/2025:11:59:40 +0300] "GET /375107564.phtml HTTP/2" 500 20 "-" "Mozilla/5.0 AppleWebKit/537.36 (KHTML, like Gecko; compatible; GPTBot/1.3; +https://openai.com/gptbot)"
185.191.171.3 - - [13/Dec/2025:11:59:52 +0300] "GET /315893255.phtml HTTP/1.1" 500 20 "-" "Mozilla/5.0 (compatible; SemrushBot/7~bl; +http://www.semrush.com/bot.html)"
40.77.167.123 - - [13/Dec/2025:12:00:05 +0300] "GET /205262966.phtml HTTP/2" 200 26093 "-" "Mozilla/5.0 AppleWebKit/537.36 (KHTML, like Gecko; compatible; bingbot/2.0; +http://www.bing.com/bingbot.htm) Chrome/116.0.1938.76 Safari/537.36"
40.77.167.123 - - [13/Dec/2025:12:00:06 +0300] "GET /50164484.phtml HTTP/2" 200 26685 "-" "Mozilla/5.0 AppleWebKit/537.36 (KHTML, like Gecko; compatible; bingbot/2.0; +http://www.bing.com/bingbot.htm) Chrome/116.0.1938.76 Safari/537.36"
40.77.167.123 - - [13/Dec/2025:12:00:07 +0300] "GET /170848817.phtml HTTP/2" 200 27338 "-" "Mozilla/5.0 AppleWebKit/537.36 (KHTML, like Gecko; compatible; bingbot/2.0; +http://www.bing.com/bingbot.htm) Chrome/116.0.1938.76 Safari/537.36"
57.141.0.51 - - [13/Dec/2025:11:57:52 +0300] "GET /388019291.shtml HTTP/2" 500 0 "-" "meta-externalagent/1.1 (+https://developers.facebook.com/docs/sharing/webmasters/crawler)"
40.77.167.123 - - [13/Dec/2025:11:58:15 +0300] "GET /408056711.phtml HTTP/2" 200 26060 "-" "Mozilla/5.0 AppleWebKit/537.36 (KHTML, like Gecko; compatible; bingbot/2.0; +http://www.bing.com/bingbot.htm) Chrome/116.0.1938.76 Safari/537.36"
52.167.144.167 - - [13/Dec/2025:11:58:35 +0300] "GET /150107327.phtml HTTP/2" 200 26781 "-" "Mozilla/5.0 AppleWebKit/537.36 (KHTML, like Gecko; compatible; bingbot/2.0; +http://www.bing.com/bingbot.htm) Chrome/116.0.1938.76 Safari/537.36"
85.208.96.202 - - [13/Dec/2025:11:58:51 +0300] "GET /488269382.phtml HTTP/1.1" 500 20 "-" "Mozilla/5.0 (compatible; SemrushBot/7~bl; +http://www.semrush.com/bot.html)"
40.77.167.121 - - [13/Dec/2025:11:59:08 +0300] "GET /441229928.phtml HTTP/2" 200 25580 "-" "Mozilla/5.0 AppleWebKit/537.36 (KHTML, like Gecko; compatible; bingbot/2.0; +http://www.bing.com/bingbot.htm) Chrome/116.0.1938.76 Safari/537.36"
185.191.171.7 - - [13/Dec/2025:11:59:55 +0300] "GET /robots.txt HTTP/1.1" 200 147 "-" "Mozilla/5.0 (compatible; SemrushBot/7~bl; +http://www.semrush.com/bot.html)"
185.191.171.12 - - [13/Dec/2025:12:04:06 +0300] "GET /299509580.phtml HTTP/1.1" 500 20 "-" "Mozilla/5.0 (compatible; SemrushBot/7~bl; +http://www.semrush.com/bot.html)"
204.12.252.98 - - [13/Dec/2025:12:05:00 +0300] "GET /wp-includes/im9c5db8/edit.php HTTP/1.1" 500 20 "https://survivorshoes.com/wp-includes/im9c5db8/edit.php" "Mozilla/5.0 (Windows NT 10.0; Win64; x64) AppleWebKit/537.36 (KHTML, like Gecko) Chrome/58.0.3029.110 Safari/537.3"
204.12.252.98 - - [13/Dec/2025:12:05:00 +0300] "GET /wp-includes/im9c5db8/edit.php HTTP/1.1" 500 20 "https://survivorshoes.com/wp-includes/im9c5db8/edit.php" "Mozilla/5.0 (Windows NT 10.0; Win64; x64) AppleWebKit/537.36 (KHTML, like Gecko) Chrome/58.0.3029.110 Safari/537.3"
85.208.96.210 - - [13/Dec/2025:12:05:11 +0300] "GET /356335811.phtml HTTP/1.1" 500 20 "-" "Mozilla/5.0 (compatible; SemrushBot/7~bl; +http://www.semrush.com/bot.html)"
40.77.167.121 - - [13/Dec/2025:12:05:37 +0300] "GET /112827392.phtml HTTP/2" 200 26243 "-" "Mozilla/5.0 AppleWebKit/537.36 (KHTML, like Gecko; compatible; bingbot/2.0; +http://www.bing.com/bingbot.htm) Chrome/116.0.1938.76 Safari/537.36"
40.77.167.121 - - [13/Dec/2025:12:00:44 +0300] "GET /203565347.phtml HTTP/2" 200 26340 "-" "Mozilla/5.0 AppleWebKit/537.36 (KHTML, like Gecko; compatible; bingbot/2.0; +http://www.bing.com/bingbot.htm) Chrome/116.0.1938.76 Safari/537.36"
52.167.144.142 - - [13/Dec/2025:12:01:19 +0300] "GET /82507949.phtml HTTP/2" 200 25645 "-" "Mozilla/5.0 AppleWebKit/537.36 (KHTML, like Gecko; compatible; bingbot/2.0; +http://www.bing.com/bingbot.htm) Chrome/116.0.1938.76 Safari/537.36"
52.167.144.142 - - [13/Dec/2025:12:01:20 +0300] "GET /508304012.phtml HTTP/2" 200 28925 "-" "Mozilla/5.0 AppleWebKit/537.36 (KHTML, like Gecko; compatible; bingbot/2.0; +http://www.bing.com/bingbot.htm) Chrome/116.0.1938.76 Safari/537.36"
40.77.167.121 - - [13/Dec/2025:12:01:32 +0300] "GET /360852323.phtml HTTP/2" 200 25793 "-" "Mozilla/5.0 AppleWebKit/537.36 (KHTML, like Gecko; compatible; bingbot/2.0; +http://www.bing.com/bingbot.htm) Chrome/116.0.1938.76 Safari/537.36"
